{"id":17198,"date":"2025-07-02T17:56:29","date_gmt":"2025-07-02T15:56:29","guid":{"rendered":"https:\/\/www.slovklima.sk\/?post_type=product&#038;p=17198"},"modified":"2025-10-16T07:48:02","modified_gmt":"2025-10-16T05:48:02","slug":"kompresor-dorin","status":"publish","type":"product","link":"https:\/\/www.slovklima.sk\/hu\/produkt\/kompresor-dorin\/","title":{"rendered":"Kompresor Dorin"},"content":{"rendered":"","protected":false},"excerpt":{"rendered":"<p>Dorin kompresory s\u00fa polohermetick\u00e9 piestov\u00e9 kompresory navrhnut\u00e9 pre n\u00e1ro\u010dn\u00e9 aplik\u00e1cie v oblasti komer\u010dn\u00e9ho a priemyseln\u00e9ho chladenia. Vyzna\u010duj\u00fa sa vysok\u00fdm v\u00fdkonom, mechanickou odolnos\u0165ou a dlhou \u017eivotnos\u0165ou aj pri nepretr\u017eitej prev\u00e1dzke. Ich kon\u0161trukcia umo\u017e\u0148uje jednoduch\u00fd pr\u00edstup pri \u00fadr\u017ebe a v\u00fdmene dielov. S\u00fa ide\u00e1lnym rie\u0161en\u00edm pre chladiace syst\u00e9my s vy\u0161\u0161\u00edmi n\u00e1rokmi na spo\u013eahlivos\u0165 a v\u00fdkon v strednoteplotn\u00fdch aj n\u00edzkoteplotn\u00fdch re\u017eimoch.<\/p>\n<p><strong>Pou\u017eitie:<\/strong> Komer\u010dn\u00e9 a priemyseln\u00e9 chladenie \u2013 chladiace centr\u00e1, technol\u00f3gie na spracovanie potrav\u00edn<\/p>\n","protected":false},"featured_media":17150,"template":"","meta":[],"product_brand":[],"product_cat":[425,422,353,370],"product_tag":[],"class_list":{"0":"post-17198","1":"product","2":"type-product","3":"status-publish","4":"has-post-thumbnail","6":"product_cat-felhermetikus-dugattyus-kompresszorok","7":"product_cat-kompresszorok","8":"product_cat-legkondicionalas","9":"product_cat-professzionalis-hutes","11":"first","12":"instock","13":"shipping-taxable","14":"product-type-simple"},"yoast_head":"<!-- This site is optimized with the Yoast SEO plugin v24.3 - https:\/\/yoast.com\/wordpress\/plugins\/seo\/ -->\n<title>Kompresor Dorin | SLOVKLIMA DEIMOS group, s.r.o.<\/title>\n<meta name=\"robots\" content=\"index, follow, max-snippet:-1, max-image-preview:large, max-video-preview:-1\" \/>\n<link rel=\"canonical\" href=\"https:\/\/www.slovklima.sk\/hu\/produkt\/kompresor-dorin\/\" \/>\n<meta property=\"og:locale\" content=\"hu_HU\" \/>\n<meta property=\"og:type\" content=\"article\" \/>\n<meta property=\"og:title\" content=\"Kompresor Dorin | SLOVKLIMA DEIMOS group, s.r.o.\" \/>\n<meta property=\"og:description\" content=\"Dorin kompresory s\u00fa polohermetick\u00e9 piestov\u00e9 kompresory navrhnut\u00e9 pre n\u00e1ro\u010dn\u00e9 aplik\u00e1cie v oblasti komer\u010dn\u00e9ho a priemyseln\u00e9ho chladenia. Vyzna\u010duj\u00fa sa vysok\u00fdm v\u00fdkonom, mechanickou odolnos\u0165ou a dlhou \u017eivotnos\u0165ou aj pri nepretr\u017eitej prev\u00e1dzke. Ich kon\u0161trukcia umo\u017e\u0148uje jednoduch\u00fd pr\u00edstup pri \u00fadr\u017ebe a v\u00fdmene dielov. S\u00fa ide\u00e1lnym rie\u0161en\u00edm pre chladiace syst\u00e9my s vy\u0161\u0161\u00edmi n\u00e1rokmi na spo\u013eahlivos\u0165 a v\u00fdkon v strednoteplotn\u00fdch aj n\u00edzkoteplotn\u00fdch re\u017eimoch.  Pou\u017eitie: Komer\u010dn\u00e9 a priemyseln\u00e9 chladenie \u2013 chladiace centr\u00e1, technol\u00f3gie na spracovanie potrav\u00edn\" \/>\n<meta property=\"og:url\" content=\"https:\/\/www.slovklima.sk\/hu\/produkt\/kompresor-dorin\/\" \/>\n<meta property=\"og:site_name\" content=\"SLOVKLIMA DEIMOS group, s.r.o.\" \/>\n<meta property=\"article:modified_time\" content=\"2025-10-16T05:48:02+00:00\" \/>\n<meta property=\"og:image\" content=\"https:\/\/www.slovklima.sk\/wp-content\/uploads\/2025\/07\/Kompresor_Dorin.jpg\" \/>\n\t<meta property=\"og:image:width\" content=\"800\" \/>\n\t<meta property=\"og:image:height\" content=\"1000\" \/>\n\t<meta property=\"og:image:type\" content=\"image\/jpeg\" \/>\n<meta name=\"twitter:card\" content=\"summary_large_image\" \/>\n<script type=\"application\/ld+json\" class=\"yoast-schema-graph\">{\"@context\":\"https:\/\/schema.org\",\"@graph\":[{\"@type\":\"WebPage\",\"@id\":\"https:\/\/www.slovklima.sk\/hu\/produkt\/kompresor-dorin\/\",\"url\":\"https:\/\/www.slovklima.sk\/hu\/produkt\/kompresor-dorin\/\",\"name\":\"Kompresor Dorin | SLOVKLIMA DEIMOS group, s.r.o.\",\"isPartOf\":{\"@id\":\"https:\/\/www.slovklima.sk\/#website\"},\"primaryImageOfPage\":{\"@id\":\"https:\/\/www.slovklima.sk\/hu\/produkt\/kompresor-dorin\/#primaryimage\"},\"image\":{\"@id\":\"https:\/\/www.slovklima.sk\/hu\/produkt\/kompresor-dorin\/#primaryimage\"},\"thumbnailUrl\":\"https:\/\/www.slovklima.sk\/wp-content\/uploads\/2025\/07\/Kompresor_Dorin.jpg\",\"datePublished\":\"2025-07-02T15:56:29+00:00\",\"dateModified\":\"2025-10-16T05:48:02+00:00\",\"breadcrumb\":{\"@id\":\"https:\/\/www.slovklima.sk\/hu\/produkt\/kompresor-dorin\/#breadcrumb\"},\"inLanguage\":\"hu\",\"potentialAction\":[{\"@type\":\"ReadAction\",\"target\":[\"https:\/\/www.slovklima.sk\/hu\/produkt\/kompresor-dorin\/\"]}]},{\"@type\":\"ImageObject\",\"inLanguage\":\"hu\",\"@id\":\"https:\/\/www.slovklima.sk\/hu\/produkt\/kompresor-dorin\/#primaryimage\",\"url\":\"https:\/\/www.slovklima.sk\/wp-content\/uploads\/2025\/07\/Kompresor_Dorin.jpg\",\"contentUrl\":\"https:\/\/www.slovklima.sk\/wp-content\/uploads\/2025\/07\/Kompresor_Dorin.jpg\",\"width\":800,\"height\":1000},{\"@type\":\"BreadcrumbList\",\"@id\":\"https:\/\/www.slovklima.sk\/hu\/produkt\/kompresor-dorin\/#breadcrumb\",\"itemListElement\":[{\"@type\":\"ListItem\",\"position\":1,\"name\":\"Domovsk\u00e1 str\u00e1nka\",\"item\":\"https:\/\/www.slovklima.sk\/hu\/\"},{\"@type\":\"ListItem\",\"position\":2,\"name\":\"Term\u00e9kek\",\"item\":\"https:\/\/www.slovklima.sk\/termekek\/\"},{\"@type\":\"ListItem\",\"position\":3,\"name\":\"Kompresor Dorin\"}]},{\"@type\":\"WebSite\",\"@id\":\"https:\/\/www.slovklima.sk\/#website\",\"url\":\"https:\/\/www.slovklima.sk\/\",\"name\":\"SLOVKLIMA DEIMOS group, s.r.o.\",\"description\":\"\",\"publisher\":{\"@id\":\"https:\/\/www.slovklima.sk\/#organization\"},\"alternateName\":\"SLOVKLIMA\",\"potentialAction\":[{\"@type\":\"SearchAction\",\"target\":{\"@type\":\"EntryPoint\",\"urlTemplate\":\"https:\/\/www.slovklima.sk\/?s={search_term_string}\"},\"query-input\":{\"@type\":\"PropertyValueSpecification\",\"valueRequired\":true,\"valueName\":\"search_term_string\"}}],\"inLanguage\":\"hu\"},{\"@type\":\"Organization\",\"@id\":\"https:\/\/www.slovklima.sk\/#organization\",\"name\":\"SLOVKLIMA DEIMOS group, s.r.o.\",\"alternateName\":\"SLOVKLIMA\",\"url\":\"https:\/\/www.slovklima.sk\/\",\"logo\":{\"@type\":\"ImageObject\",\"inLanguage\":\"hu\",\"@id\":\"https:\/\/www.slovklima.sk\/#\/schema\/logo\/image\/\",\"url\":\"https:\/\/www.slovklima.sk\/wp-content\/uploads\/2022\/12\/slovklima-logo-black.svg\",\"contentUrl\":\"https:\/\/www.slovklima.sk\/wp-content\/uploads\/2022\/12\/slovklima-logo-black.svg\",\"width\":3218,\"height\":698,\"caption\":\"SLOVKLIMA DEIMOS group, s.r.o.\"},\"image\":{\"@id\":\"https:\/\/www.slovklima.sk\/#\/schema\/logo\/image\/\"}}]}<\/script>\n<!-- \/ Yoast SEO plugin. -->","yoast_head_json":{"title":"Kompresor Dorin | SLOVKLIMA DEIMOS group, s.r.o.","robots":{"index":"index","follow":"follow","max-snippet":"max-snippet:-1","max-image-preview":"max-image-preview:large","max-video-preview":"max-video-preview:-1"},"canonical":"https:\/\/www.slovklima.sk\/hu\/produkt\/kompresor-dorin\/","og_locale":"hu_HU","og_type":"article","og_title":"Kompresor Dorin | SLOVKLIMA DEIMOS group, s.r.o.","og_description":"Dorin kompresory s\u00fa polohermetick\u00e9 piestov\u00e9 kompresory navrhnut\u00e9 pre n\u00e1ro\u010dn\u00e9 aplik\u00e1cie v oblasti komer\u010dn\u00e9ho a priemyseln\u00e9ho chladenia. Vyzna\u010duj\u00fa sa vysok\u00fdm v\u00fdkonom, mechanickou odolnos\u0165ou a dlhou \u017eivotnos\u0165ou aj pri nepretr\u017eitej prev\u00e1dzke. Ich kon\u0161trukcia umo\u017e\u0148uje jednoduch\u00fd pr\u00edstup pri \u00fadr\u017ebe a v\u00fdmene dielov. S\u00fa ide\u00e1lnym rie\u0161en\u00edm pre chladiace syst\u00e9my s vy\u0161\u0161\u00edmi n\u00e1rokmi na spo\u013eahlivos\u0165 a v\u00fdkon v strednoteplotn\u00fdch aj n\u00edzkoteplotn\u00fdch re\u017eimoch.  Pou\u017eitie: Komer\u010dn\u00e9 a priemyseln\u00e9 chladenie \u2013 chladiace centr\u00e1, technol\u00f3gie na spracovanie potrav\u00edn","og_url":"https:\/\/www.slovklima.sk\/hu\/produkt\/kompresor-dorin\/","og_site_name":"SLOVKLIMA DEIMOS group, s.r.o.","article_modified_time":"2025-10-16T05:48:02+00:00","og_image":[{"width":800,"height":1000,"url":"https:\/\/www.slovklima.sk\/wp-content\/uploads\/2025\/07\/Kompresor_Dorin.jpg","type":"image\/jpeg"}],"twitter_card":"summary_large_image","schema":{"@context":"https:\/\/schema.org","@graph":[{"@type":"WebPage","@id":"https:\/\/www.slovklima.sk\/hu\/produkt\/kompresor-dorin\/","url":"https:\/\/www.slovklima.sk\/hu\/produkt\/kompresor-dorin\/","name":"Kompresor Dorin | SLOVKLIMA DEIMOS group, s.r.o.","isPartOf":{"@id":"https:\/\/www.slovklima.sk\/#website"},"primaryImageOfPage":{"@id":"https:\/\/www.slovklima.sk\/hu\/produkt\/kompresor-dorin\/#primaryimage"},"image":{"@id":"https:\/\/www.slovklima.sk\/hu\/produkt\/kompresor-dorin\/#primaryimage"},"thumbnailUrl":"https:\/\/www.slovklima.sk\/wp-content\/uploads\/2025\/07\/Kompresor_Dorin.jpg","datePublished":"2025-07-02T15:56:29+00:00","dateModified":"2025-10-16T05:48:02+00:00","breadcrumb":{"@id":"https:\/\/www.slovklima.sk\/hu\/produkt\/kompresor-dorin\/#breadcrumb"},"inLanguage":"hu","potentialAction":[{"@type":"ReadAction","target":["https:\/\/www.slovklima.sk\/hu\/produkt\/kompresor-dorin\/"]}]},{"@type":"ImageObject","inLanguage":"hu","@id":"https:\/\/www.slovklima.sk\/hu\/produkt\/kompresor-dorin\/#primaryimage","url":"https:\/\/www.slovklima.sk\/wp-content\/uploads\/2025\/07\/Kompresor_Dorin.jpg","contentUrl":"https:\/\/www.slovklima.sk\/wp-content\/uploads\/2025\/07\/Kompresor_Dorin.jpg","width":800,"height":1000},{"@type":"BreadcrumbList","@id":"https:\/\/www.slovklima.sk\/hu\/produkt\/kompresor-dorin\/#breadcrumb","itemListElement":[{"@type":"ListItem","position":1,"name":"Domovsk\u00e1 str\u00e1nka","item":"https:\/\/www.slovklima.sk\/hu\/"},{"@type":"ListItem","position":2,"name":"Term\u00e9kek","item":"https:\/\/www.slovklima.sk\/termekek\/"},{"@type":"ListItem","position":3,"name":"Kompresor Dorin"}]},{"@type":"WebSite","@id":"https:\/\/www.slovklima.sk\/#website","url":"https:\/\/www.slovklima.sk\/","name":"SLOVKLIMA DEIMOS group, s.r.o.","description":"","publisher":{"@id":"https:\/\/www.slovklima.sk\/#organization"},"alternateName":"SLOVKLIMA","potentialAction":[{"@type":"SearchAction","target":{"@type":"EntryPoint","urlTemplate":"https:\/\/www.slovklima.sk\/?s={search_term_string}"},"query-input":{"@type":"PropertyValueSpecification","valueRequired":true,"valueName":"search_term_string"}}],"inLanguage":"hu"},{"@type":"Organization","@id":"https:\/\/www.slovklima.sk\/#organization","name":"SLOVKLIMA DEIMOS group, s.r.o.","alternateName":"SLOVKLIMA","url":"https:\/\/www.slovklima.sk\/","logo":{"@type":"ImageObject","inLanguage":"hu","@id":"https:\/\/www.slovklima.sk\/#\/schema\/logo\/image\/","url":"https:\/\/www.slovklima.sk\/wp-content\/uploads\/2022\/12\/slovklima-logo-black.svg","contentUrl":"https:\/\/www.slovklima.sk\/wp-content\/uploads\/2022\/12\/slovklima-logo-black.svg","width":3218,"height":698,"caption":"SLOVKLIMA DEIMOS group, s.r.o."},"image":{"@id":"https:\/\/www.slovklima.sk\/#\/schema\/logo\/image\/"}}]}},"_links":{"self":[{"href":"https:\/\/www.slovklima.sk\/hu\/wp-json\/wp\/v2\/product\/17198","targetHints":{"allow":["GET"]}}],"collection":[{"href":"https:\/\/www.slovklima.sk\/hu\/wp-json\/wp\/v2\/product"}],"about":[{"href":"https:\/\/www.slovklima.sk\/hu\/wp-json\/wp\/v2\/types\/product"}],"wp:featuredmedia":[{"embeddable":true,"href":"https:\/\/www.slovklima.sk\/hu\/wp-json\/wp\/v2\/media\/17150"}],"wp:attachment":[{"href":"https:\/\/www.slovklima.sk\/hu\/wp-json\/wp\/v2\/media?parent=17198"}],"wp:term":[{"taxonomy":"product_brand","embeddable":true,"href":"https:\/\/www.slovklima.sk\/hu\/wp-json\/wp\/v2\/product_brand?post=17198"},{"taxonomy":"product_cat","embeddable":true,"href":"https:\/\/www.slovklima.sk\/hu\/wp-json\/wp\/v2\/product_cat?post=17198"},{"taxonomy":"product_tag","embeddable":true,"href":"https:\/\/www.slovklima.sk\/hu\/wp-json\/wp\/v2\/product_tag?post=17198"}],"curies":[{"name":"wp","href":"https:\/\/api.w.org\/{rel}","templated":true}]}}

<p>Dorin kompresory sú polohermetické piestové kompresory navrhnuté pre náročné aplikácie v oblasti komerčného a priemyselného chladenia. Vyznačujú sa vysokým výkonom, mechanickou odolnosťou a dlhou životnosťou aj pri nepretržitej prevádzke. Ich konštrukcia umožňuje jednoduchý prístup pri údržbe a výmene dielov. Sú ideálnym riešením pre chladiace systémy s vyššími nárokmi na spoľahlivosť a výkon v strednoteplotných aj nízkoteplotných režimoch.</p>
<p><strong>Použitie:</strong> Komerčné a priemyselné chladenie – chladiace centrá, technológie na spracovanie potravín</p>

<!-- This site is optimized with the Yoast SEO plugin v24.3 - https://yoast.com/wordpress/plugins/seo/ -->
<title>Kompresor Dorin | SLOVKLIMA DEIMOS group, s.r.o.</title>
<meta name="robots" content="index, follow, max-snippet:-1, max-image-preview:large, max-video-preview:-1" />
<link rel="canonical" href="https://www.slovklima.sk/hu/produkt/kompresor-dorin/" />
<meta property="og:locale" content="hu_HU" />
<meta property="og:type" content="article" />
<meta property="og:title" content="Kompresor Dorin | SLOVKLIMA DEIMOS group, s.r.o." />
<meta property="og:description" content="Dorin kompresory sú polohermetické piestové kompresory navrhnuté pre náročné aplikácie v oblasti komerčného a priemyselného chladenia. Vyznačujú sa vysokým výkonom, mechanickou odolnosťou a dlhou životnosťou aj pri nepretržitej prevádzke. Ich konštrukcia umožňuje jednoduchý prístup pri údržbe a výmene dielov. Sú ideálnym riešením pre chladiace systémy s vyššími nárokmi na spoľahlivosť a výkon v strednoteplotných aj nízkoteplotných režimoch.  Použitie: Komerčné a priemyselné chladenie – chladiace centrá, technológie na spracovanie potravín" />
<meta property="og:url" content="https://www.slovklima.sk/hu/produkt/kompresor-dorin/" />
<meta property="og:site_name" content="SLOVKLIMA DEIMOS group, s.r.o." />
<meta property="article:modified_time" content="2025-10-16T05:48:02+00:00" />
<meta property="og:image" content="https://www.slovklima.sk/wp-content/uploads/2025/07/Kompresor_Dorin.jpg" />
	<meta property="og:image:width" content="800" />
	<meta property="og:image:height" content="1000" />
	<meta property="og:image:type" content="image/jpeg" />
<meta name="twitter:card" content="summary_large_image" />
<script type="application/ld+json" class="yoast-schema-graph">{"@context":"https://schema.org","@graph":[{"@type":"WebPage","@id":"https://www.slovklima.sk/hu/produkt/kompresor-dorin/","url":"https://www.slovklima.sk/hu/produkt/kompresor-dorin/","name":"Kompresor Dorin | SLOVKLIMA DEIMOS group, s.r.o.","isPartOf":{"@id":"https://www.slovklima.sk/#website"},"primaryImageOfPage":{"@id":"https://www.slovklima.sk/hu/produkt/kompresor-dorin/#primaryimage"},"image":{"@id":"https://www.slovklima.sk/hu/produkt/kompresor-dorin/#primaryimage"},"thumbnailUrl":"https://www.slovklima.sk/wp-content/uploads/2025/07/Kompresor_Dorin.jpg","datePublished":"2025-07-02T15:56:29+00:00","dateModified":"2025-10-16T05:48:02+00:00","breadcrumb":{"@id":"https://www.slovklima.sk/hu/produkt/kompresor-dorin/#breadcrumb"},"inLanguage":"hu","potentialAction":[{"@type":"ReadAction","target":["https://www.slovklima.sk/hu/produkt/kompresor-dorin/"]}]},{"@type":"ImageObject","inLanguage":"hu","@id":"https://www.slovklima.sk/hu/produkt/kompresor-dorin/#primaryimage","url":"https://www.slovklima.sk/wp-content/uploads/2025/07/Kompresor_Dorin.jpg","contentUrl":"https://www.slovklima.sk/wp-content/uploads/2025/07/Kompresor_Dorin.jpg","width":800,"height":1000},{"@type":"BreadcrumbList","@id":"https://www.slovklima.sk/hu/produkt/kompresor-dorin/#breadcrumb","itemListElement":[{"@type":"ListItem","position":1,"name":"Domovská stránka","item":"https://www.slovklima.sk/hu/"},{"@type":"ListItem","position":2,"name":"Termékek","item":"https://www.slovklima.sk/termekek/"},{"@type":"ListItem","position":3,"name":"Kompresor Dorin"}]},{"@type":"WebSite","@id":"https://www.slovklima.sk/#website","url":"https://www.slovklima.sk/","name":"SLOVKLIMA DEIMOS group, s.r.o.","description":"","publisher":{"@id":"https://www.slovklima.sk/#organization"},"alternateName":"SLOVKLIMA","potentialAction":[{"@type":"SearchAction","target":{"@type":"EntryPoint","urlTemplate":"https://www.slovklima.sk/?s={search_term_string}"},"query-input":{"@type":"PropertyValueSpecification","valueRequired":true,"valueName":"search_term_string"}}],"inLanguage":"hu"},{"@type":"Organization","@id":"https://www.slovklima.sk/#organization","name":"SLOVKLIMA DEIMOS group, s.r.o.","alternateName":"SLOVKLIMA","url":"https://www.slovklima.sk/","logo":{"@type":"ImageObject","inLanguage":"hu","@id":"https://www.slovklima.sk/#/schema/logo/image/","url":"https://www.slovklima.sk/wp-content/uploads/2022/12/slovklima-logo-black.svg","contentUrl":"https://www.slovklima.sk/wp-content/uploads/2022/12/slovklima-logo-black.svg","width":3218,"height":698,"caption":"SLOVKLIMA DEIMOS group, s.r.o."},"image":{"@id":"https://www.slovklima.sk/#/schema/logo/image/"}}]}</script>
<!-- / Yoast SEO plugin. -->

Dorin kompresory sú polohermetické piestové kompresory navrhnuté pre náročné aplikácie v oblasti komerčného a priemyselného chladenia. Vyznačujú sa vysokým výkonom, mechanickou odolnosťou a dlhou životnosťou aj pri nepretržitej prevádzke. Ich konštrukcia umožňuje jednoduchý prístup pri údržbe a výmene dielov. Sú ideálnym riešením pre chladiace systémy s vyššími nárokmi na spoľahlivosť a výkon v strednoteplotných aj nízkoteplotných režimoch.  Použitie: Komerčné a priemyselné chladenie – chladiace centrá, technológie na spracovanie potravín

Domovská stránka

Termékek
