{"id":16896,"date":"2025-06-27T10:24:37","date_gmt":"2025-06-27T08:24:37","guid":{"rendered":"https:\/\/www.slovklima.sk\/?post_type=product&#038;p=16896"},"modified":"2025-09-13T12:44:27","modified_gmt":"2025-09-13T10:44:27","slug":"t-kus-i-i-i","status":"publish","type":"product","link":"https:\/\/www.slovklima.sk\/hu\/produkt\/t-kus-i-i-i\/","title":{"rendered":"T-kus i\/i\/i"},"content":{"rendered":"","protected":false},"excerpt":{"rendered":"<p>T-kus i\/i\/i je meden\u00e1 tvarovka ur\u010den\u00e1 na rozvetvenie potrubia do dvoch smerov s rovnak\u00fdm vn\u00fatorn\u00fdm zakon\u010den\u00edm na v\u0161etk\u00fdch stran\u00e1ch. Pou\u017e\u00edva sa v rozvodoch, kde je potrebn\u00e9 vytvori\u0165 odbo\u010dku bez naru\u0161enia hlavnej trasy potrubia.<\/p>\n","protected":false},"featured_media":16830,"template":"","meta":[],"product_brand":[],"product_cat":[387,370,411],"product_tag":[],"class_list":{"0":"post-16896","1":"product","2":"type-product","3":"status-publish","4":"has-post-thumbnail","6":"product_cat-hutokozeg-elosztasa","7":"product_cat-professzionalis-hutes","8":"product_cat-rez-szerelvenyek","10":"first","11":"instock","12":"shipping-taxable","13":"product-type-simple"},"yoast_head":"<!-- This site is optimized with the Yoast SEO plugin v24.3 - https:\/\/yoast.com\/wordpress\/plugins\/seo\/ -->\n<title>T-kus i\/i\/i | SLOVKLIMA DEIMOS group, s.r.o.<\/title>\n<meta name=\"robots\" content=\"index, follow, max-snippet:-1, max-image-preview:large, max-video-preview:-1\" \/>\n<link rel=\"canonical\" href=\"https:\/\/www.slovklima.sk\/hu\/produkt\/t-kus-i-i-i\/\" \/>\n<meta property=\"og:locale\" content=\"hu_HU\" \/>\n<meta property=\"og:type\" content=\"article\" \/>\n<meta property=\"og:title\" content=\"T-kus i\/i\/i | SLOVKLIMA DEIMOS group, s.r.o.\" \/>\n<meta property=\"og:description\" content=\"T-kus i\/i\/i je meden\u00e1 tvarovka ur\u010den\u00e1 na rozvetvenie potrubia do dvoch smerov s rovnak\u00fdm vn\u00fatorn\u00fdm zakon\u010den\u00edm na v\u0161etk\u00fdch stran\u00e1ch. Pou\u017e\u00edva sa v rozvodoch, kde je potrebn\u00e9 vytvori\u0165 odbo\u010dku bez naru\u0161enia hlavnej trasy potrubia.\" \/>\n<meta property=\"og:url\" content=\"https:\/\/www.slovklima.sk\/hu\/produkt\/t-kus-i-i-i\/\" \/>\n<meta property=\"og:site_name\" content=\"SLOVKLIMA DEIMOS group, s.r.o.\" \/>\n<meta property=\"article:modified_time\" content=\"2025-09-13T10:44:27+00:00\" \/>\n<meta property=\"og:image\" content=\"https:\/\/www.slovklima.sk\/wp-content\/uploads\/2025\/06\/t-kus_5130.jpg\" \/>\n\t<meta property=\"og:image:width\" content=\"800\" \/>\n\t<meta property=\"og:image:height\" content=\"1000\" \/>\n\t<meta property=\"og:image:type\" content=\"image\/jpeg\" \/>\n<meta name=\"twitter:card\" content=\"summary_large_image\" \/>\n<script type=\"application\/ld+json\" class=\"yoast-schema-graph\">{\"@context\":\"https:\/\/schema.org\",\"@graph\":[{\"@type\":\"WebPage\",\"@id\":\"https:\/\/www.slovklima.sk\/hu\/produkt\/t-kus-i-i-i\/\",\"url\":\"https:\/\/www.slovklima.sk\/hu\/produkt\/t-kus-i-i-i\/\",\"name\":\"T-kus i\/i\/i | SLOVKLIMA DEIMOS group, s.r.o.\",\"isPartOf\":{\"@id\":\"https:\/\/www.slovklima.sk\/#website\"},\"primaryImageOfPage\":{\"@id\":\"https:\/\/www.slovklima.sk\/hu\/produkt\/t-kus-i-i-i\/#primaryimage\"},\"image\":{\"@id\":\"https:\/\/www.slovklima.sk\/hu\/produkt\/t-kus-i-i-i\/#primaryimage\"},\"thumbnailUrl\":\"https:\/\/www.slovklima.sk\/wp-content\/uploads\/2025\/06\/t-kus_5130.jpg\",\"datePublished\":\"2025-06-27T08:24:37+00:00\",\"dateModified\":\"2025-09-13T10:44:27+00:00\",\"breadcrumb\":{\"@id\":\"https:\/\/www.slovklima.sk\/hu\/produkt\/t-kus-i-i-i\/#breadcrumb\"},\"inLanguage\":\"hu\",\"potentialAction\":[{\"@type\":\"ReadAction\",\"target\":[\"https:\/\/www.slovklima.sk\/hu\/produkt\/t-kus-i-i-i\/\"]}]},{\"@type\":\"ImageObject\",\"inLanguage\":\"hu\",\"@id\":\"https:\/\/www.slovklima.sk\/hu\/produkt\/t-kus-i-i-i\/#primaryimage\",\"url\":\"https:\/\/www.slovklima.sk\/wp-content\/uploads\/2025\/06\/t-kus_5130.jpg\",\"contentUrl\":\"https:\/\/www.slovklima.sk\/wp-content\/uploads\/2025\/06\/t-kus_5130.jpg\",\"width\":800,\"height\":1000},{\"@type\":\"BreadcrumbList\",\"@id\":\"https:\/\/www.slovklima.sk\/hu\/produkt\/t-kus-i-i-i\/#breadcrumb\",\"itemListElement\":[{\"@type\":\"ListItem\",\"position\":1,\"name\":\"Domovsk\u00e1 str\u00e1nka\",\"item\":\"https:\/\/www.slovklima.sk\/hu\/\"},{\"@type\":\"ListItem\",\"position\":2,\"name\":\"Term\u00e9kek\",\"item\":\"https:\/\/www.slovklima.sk\/termekek\/\"},{\"@type\":\"ListItem\",\"position\":3,\"name\":\"T-kus i\/i\/i\"}]},{\"@type\":\"WebSite\",\"@id\":\"https:\/\/www.slovklima.sk\/#website\",\"url\":\"https:\/\/www.slovklima.sk\/\",\"name\":\"SLOVKLIMA DEIMOS group, s.r.o.\",\"description\":\"\",\"publisher\":{\"@id\":\"https:\/\/www.slovklima.sk\/#organization\"},\"alternateName\":\"SLOVKLIMA\",\"potentialAction\":[{\"@type\":\"SearchAction\",\"target\":{\"@type\":\"EntryPoint\",\"urlTemplate\":\"https:\/\/www.slovklima.sk\/?s={search_term_string}\"},\"query-input\":{\"@type\":\"PropertyValueSpecification\",\"valueRequired\":true,\"valueName\":\"search_term_string\"}}],\"inLanguage\":\"hu\"},{\"@type\":\"Organization\",\"@id\":\"https:\/\/www.slovklima.sk\/#organization\",\"name\":\"SLOVKLIMA DEIMOS group, s.r.o.\",\"alternateName\":\"SLOVKLIMA\",\"url\":\"https:\/\/www.slovklima.sk\/\",\"logo\":{\"@type\":\"ImageObject\",\"inLanguage\":\"hu\",\"@id\":\"https:\/\/www.slovklima.sk\/#\/schema\/logo\/image\/\",\"url\":\"https:\/\/www.slovklima.sk\/wp-content\/uploads\/2022\/12\/slovklima-logo-black.svg\",\"contentUrl\":\"https:\/\/www.slovklima.sk\/wp-content\/uploads\/2022\/12\/slovklima-logo-black.svg\",\"width\":3218,\"height\":698,\"caption\":\"SLOVKLIMA DEIMOS group, s.r.o.\"},\"image\":{\"@id\":\"https:\/\/www.slovklima.sk\/#\/schema\/logo\/image\/\"}}]}<\/script>\n<!-- \/ Yoast SEO plugin. -->","yoast_head_json":{"title":"T-kus i\/i\/i | SLOVKLIMA DEIMOS group, s.r.o.","robots":{"index":"index","follow":"follow","max-snippet":"max-snippet:-1","max-image-preview":"max-image-preview:large","max-video-preview":"max-video-preview:-1"},"canonical":"https:\/\/www.slovklima.sk\/hu\/produkt\/t-kus-i-i-i\/","og_locale":"hu_HU","og_type":"article","og_title":"T-kus i\/i\/i | SLOVKLIMA DEIMOS group, s.r.o.","og_description":"T-kus i\/i\/i je meden\u00e1 tvarovka ur\u010den\u00e1 na rozvetvenie potrubia do dvoch smerov s rovnak\u00fdm vn\u00fatorn\u00fdm zakon\u010den\u00edm na v\u0161etk\u00fdch stran\u00e1ch. Pou\u017e\u00edva sa v rozvodoch, kde je potrebn\u00e9 vytvori\u0165 odbo\u010dku bez naru\u0161enia hlavnej trasy potrubia.","og_url":"https:\/\/www.slovklima.sk\/hu\/produkt\/t-kus-i-i-i\/","og_site_name":"SLOVKLIMA DEIMOS group, s.r.o.","article_modified_time":"2025-09-13T10:44:27+00:00","og_image":[{"width":800,"height":1000,"url":"https:\/\/www.slovklima.sk\/wp-content\/uploads\/2025\/06\/t-kus_5130.jpg","type":"image\/jpeg"}],"twitter_card":"summary_large_image","schema":{"@context":"https:\/\/schema.org","@graph":[{"@type":"WebPage","@id":"https:\/\/www.slovklima.sk\/hu\/produkt\/t-kus-i-i-i\/","url":"https:\/\/www.slovklima.sk\/hu\/produkt\/t-kus-i-i-i\/","name":"T-kus i\/i\/i | SLOVKLIMA DEIMOS group, s.r.o.","isPartOf":{"@id":"https:\/\/www.slovklima.sk\/#website"},"primaryImageOfPage":{"@id":"https:\/\/www.slovklima.sk\/hu\/produkt\/t-kus-i-i-i\/#primaryimage"},"image":{"@id":"https:\/\/www.slovklima.sk\/hu\/produkt\/t-kus-i-i-i\/#primaryimage"},"thumbnailUrl":"https:\/\/www.slovklima.sk\/wp-content\/uploads\/2025\/06\/t-kus_5130.jpg","datePublished":"2025-06-27T08:24:37+00:00","dateModified":"2025-09-13T10:44:27+00:00","breadcrumb":{"@id":"https:\/\/www.slovklima.sk\/hu\/produkt\/t-kus-i-i-i\/#breadcrumb"},"inLanguage":"hu","potentialAction":[{"@type":"ReadAction","target":["https:\/\/www.slovklima.sk\/hu\/produkt\/t-kus-i-i-i\/"]}]},{"@type":"ImageObject","inLanguage":"hu","@id":"https:\/\/www.slovklima.sk\/hu\/produkt\/t-kus-i-i-i\/#primaryimage","url":"https:\/\/www.slovklima.sk\/wp-content\/uploads\/2025\/06\/t-kus_5130.jpg","contentUrl":"https:\/\/www.slovklima.sk\/wp-content\/uploads\/2025\/06\/t-kus_5130.jpg","width":800,"height":1000},{"@type":"BreadcrumbList","@id":"https:\/\/www.slovklima.sk\/hu\/produkt\/t-kus-i-i-i\/#breadcrumb","itemListElement":[{"@type":"ListItem","position":1,"name":"Domovsk\u00e1 str\u00e1nka","item":"https:\/\/www.slovklima.sk\/hu\/"},{"@type":"ListItem","position":2,"name":"Term\u00e9kek","item":"https:\/\/www.slovklima.sk\/termekek\/"},{"@type":"ListItem","position":3,"name":"T-kus i\/i\/i"}]},{"@type":"WebSite","@id":"https:\/\/www.slovklima.sk\/#website","url":"https:\/\/www.slovklima.sk\/","name":"SLOVKLIMA DEIMOS group, s.r.o.","description":"","publisher":{"@id":"https:\/\/www.slovklima.sk\/#organization"},"alternateName":"SLOVKLIMA","potentialAction":[{"@type":"SearchAction","target":{"@type":"EntryPoint","urlTemplate":"https:\/\/www.slovklima.sk\/?s={search_term_string}"},"query-input":{"@type":"PropertyValueSpecification","valueRequired":true,"valueName":"search_term_string"}}],"inLanguage":"hu"},{"@type":"Organization","@id":"https:\/\/www.slovklima.sk\/#organization","name":"SLOVKLIMA DEIMOS group, s.r.o.","alternateName":"SLOVKLIMA","url":"https:\/\/www.slovklima.sk\/","logo":{"@type":"ImageObject","inLanguage":"hu","@id":"https:\/\/www.slovklima.sk\/#\/schema\/logo\/image\/","url":"https:\/\/www.slovklima.sk\/wp-content\/uploads\/2022\/12\/slovklima-logo-black.svg","contentUrl":"https:\/\/www.slovklima.sk\/wp-content\/uploads\/2022\/12\/slovklima-logo-black.svg","width":3218,"height":698,"caption":"SLOVKLIMA DEIMOS group, s.r.o."},"image":{"@id":"https:\/\/www.slovklima.sk\/#\/schema\/logo\/image\/"}}]}},"_links":{"self":[{"href":"https:\/\/www.slovklima.sk\/hu\/wp-json\/wp\/v2\/product\/16896","targetHints":{"allow":["GET"]}}],"collection":[{"href":"https:\/\/www.slovklima.sk\/hu\/wp-json\/wp\/v2\/product"}],"about":[{"href":"https:\/\/www.slovklima.sk\/hu\/wp-json\/wp\/v2\/types\/product"}],"wp:featuredmedia":[{"embeddable":true,"href":"https:\/\/www.slovklima.sk\/hu\/wp-json\/wp\/v2\/media\/16830"}],"wp:attachment":[{"href":"https:\/\/www.slovklima.sk\/hu\/wp-json\/wp\/v2\/media?parent=16896"}],"wp:term":[{"taxonomy":"product_brand","embeddable":true,"href":"https:\/\/www.slovklima.sk\/hu\/wp-json\/wp\/v2\/product_brand?post=16896"},{"taxonomy":"product_cat","embeddable":true,"href":"https:\/\/www.slovklima.sk\/hu\/wp-json\/wp\/v2\/product_cat?post=16896"},{"taxonomy":"product_tag","embeddable":true,"href":"https:\/\/www.slovklima.sk\/hu\/wp-json\/wp\/v2\/product_tag?post=16896"}],"curies":[{"name":"wp","href":"https:\/\/api.w.org\/{rel}","templated":true}]}}

<p>T-kus i/i/i je medená tvarovka určená na rozvetvenie potrubia do dvoch smerov s rovnakým vnútorným zakončením na všetkých stranách. Používa sa v rozvodoch, kde je potrebné vytvoriť odbočku bez narušenia hlavnej trasy potrubia.</p>

<!-- This site is optimized with the Yoast SEO plugin v24.3 - https://yoast.com/wordpress/plugins/seo/ -->
<title>T-kus i/i/i | SLOVKLIMA DEIMOS group, s.r.o.</title>
<meta name="robots" content="index, follow, max-snippet:-1, max-image-preview:large, max-video-preview:-1" />
<link rel="canonical" href="https://www.slovklima.sk/hu/produkt/t-kus-i-i-i/" />
<meta property="og:locale" content="hu_HU" />
<meta property="og:type" content="article" />
<meta property="og:title" content="T-kus i/i/i | SLOVKLIMA DEIMOS group, s.r.o." />
<meta property="og:description" content="T-kus i/i/i je medená tvarovka určená na rozvetvenie potrubia do dvoch smerov s rovnakým vnútorným zakončením na všetkých stranách. Používa sa v rozvodoch, kde je potrebné vytvoriť odbočku bez narušenia hlavnej trasy potrubia." />
<meta property="og:url" content="https://www.slovklima.sk/hu/produkt/t-kus-i-i-i/" />
<meta property="og:site_name" content="SLOVKLIMA DEIMOS group, s.r.o." />
<meta property="article:modified_time" content="2025-09-13T10:44:27+00:00" />
<meta property="og:image" content="https://www.slovklima.sk/wp-content/uploads/2025/06/t-kus_5130.jpg" />
	<meta property="og:image:width" content="800" />
	<meta property="og:image:height" content="1000" />
	<meta property="og:image:type" content="image/jpeg" />
<meta name="twitter:card" content="summary_large_image" />
<script type="application/ld+json" class="yoast-schema-graph">{"@context":"https://schema.org","@graph":[{"@type":"WebPage","@id":"https://www.slovklima.sk/hu/produkt/t-kus-i-i-i/","url":"https://www.slovklima.sk/hu/produkt/t-kus-i-i-i/","name":"T-kus i/i/i | SLOVKLIMA DEIMOS group, s.r.o.","isPartOf":{"@id":"https://www.slovklima.sk/#website"},"primaryImageOfPage":{"@id":"https://www.slovklima.sk/hu/produkt/t-kus-i-i-i/#primaryimage"},"image":{"@id":"https://www.slovklima.sk/hu/produkt/t-kus-i-i-i/#primaryimage"},"thumbnailUrl":"https://www.slovklima.sk/wp-content/uploads/2025/06/t-kus_5130.jpg","datePublished":"2025-06-27T08:24:37+00:00","dateModified":"2025-09-13T10:44:27+00:00","breadcrumb":{"@id":"https://www.slovklima.sk/hu/produkt/t-kus-i-i-i/#breadcrumb"},"inLanguage":"hu","potentialAction":[{"@type":"ReadAction","target":["https://www.slovklima.sk/hu/produkt/t-kus-i-i-i/"]}]},{"@type":"ImageObject","inLanguage":"hu","@id":"https://www.slovklima.sk/hu/produkt/t-kus-i-i-i/#primaryimage","url":"https://www.slovklima.sk/wp-content/uploads/2025/06/t-kus_5130.jpg","contentUrl":"https://www.slovklima.sk/wp-content/uploads/2025/06/t-kus_5130.jpg","width":800,"height":1000},{"@type":"BreadcrumbList","@id":"https://www.slovklima.sk/hu/produkt/t-kus-i-i-i/#breadcrumb","itemListElement":[{"@type":"ListItem","position":1,"name":"Domovská stránka","item":"https://www.slovklima.sk/hu/"},{"@type":"ListItem","position":2,"name":"Termékek","item":"https://www.slovklima.sk/termekek/"},{"@type":"ListItem","position":3,"name":"T-kus i/i/i"}]},{"@type":"WebSite","@id":"https://www.slovklima.sk/#website","url":"https://www.slovklima.sk/","name":"SLOVKLIMA DEIMOS group, s.r.o.","description":"","publisher":{"@id":"https://www.slovklima.sk/#organization"},"alternateName":"SLOVKLIMA","potentialAction":[{"@type":"SearchAction","target":{"@type":"EntryPoint","urlTemplate":"https://www.slovklima.sk/?s={search_term_string}"},"query-input":{"@type":"PropertyValueSpecification","valueRequired":true,"valueName":"search_term_string"}}],"inLanguage":"hu"},{"@type":"Organization","@id":"https://www.slovklima.sk/#organization","name":"SLOVKLIMA DEIMOS group, s.r.o.","alternateName":"SLOVKLIMA","url":"https://www.slovklima.sk/","logo":{"@type":"ImageObject","inLanguage":"hu","@id":"https://www.slovklima.sk/#/schema/logo/image/","url":"https://www.slovklima.sk/wp-content/uploads/2022/12/slovklima-logo-black.svg","contentUrl":"https://www.slovklima.sk/wp-content/uploads/2022/12/slovklima-logo-black.svg","width":3218,"height":698,"caption":"SLOVKLIMA DEIMOS group, s.r.o."},"image":{"@id":"https://www.slovklima.sk/#/schema/logo/image/"}}]}</script>
<!-- / Yoast SEO plugin. -->

T-kus i/i/i je medená tvarovka určená na rozvetvenie potrubia do dvoch smerov s rovnakým vnútorným zakončením na všetkých stranách. Používa sa v rozvodoch, kde je potrebné vytvoriť odbočku bez narušenia hlavnej trasy potrubia.

Domovská stránka

Termékek
