{"id":16666,"date":"2025-06-23T11:01:24","date_gmt":"2025-06-23T09:01:24","guid":{"rendered":"https:\/\/www.slovklima.sk\/?post_type=product&#038;p=16666"},"modified":"2026-04-29T09:09:10","modified_gmt":"2026-04-29T07:09:10","slug":"medene-potrubie-izolovane","status":"publish","type":"product","link":"https:\/\/www.slovklima.sk\/hu\/produkt\/medene-potrubie-izolovane\/","title":{"rendered":"R\u00e9zcs\u0151 szigetelt"},"content":{"rendered":"","protected":false},"excerpt":{"rendered":"<p>A szigetelt r\u00e9zcs\u00f6vek ide\u00e1lis megold\u00e1st jelentenek a h\u0171t\u0151- \u00e9s l\u00e9gkondicion\u00e1l\u00f3 rendszerek h\u0171t\u0151k\u00f6zeg-eloszt\u00e1s\u00e1hoz, ahol nagyfok\u00fa t\u00f6m\u00edtetts\u00e9gre \u00e9s h\u0151vesztes\u00e9g elleni v\u00e9delemre van sz\u00fcks\u00e9g. A be\u00e9p\u00edtett 0,6 mm \u00e9s 0,9 mm k\u00f6z\u00f6tti vastags\u00e1g\u00fa szigetel\u0151anyagnak k\u00f6sz\u00f6nhet\u0151en cs\u00f6kkenti a kondenz\u00e1ci\u00f3t \u00e9s n\u00f6veli a teljes berendez\u00e9s energiahat\u00e9konys\u00e1g\u00e1t. <\/p>\n","protected":false},"featured_media":16646,"template":"","meta":[],"product_brand":[],"product_cat":[387,370,408],"product_tag":[],"class_list":{"0":"post-16666","1":"product","2":"type-product","3":"status-publish","4":"has-post-thumbnail","6":"product_cat-hutokozeg-elosztasa","7":"product_cat-professzionalis-hutes","8":"product_cat-rez-csovek","10":"first","11":"instock","12":"shipping-taxable","13":"product-type-simple"},"yoast_head":"<!-- This site is optimized with the Yoast SEO plugin v24.3 - https:\/\/yoast.com\/wordpress\/plugins\/seo\/ -->\n<title>R\u00e9zcs\u0151 szigetelt | SLOVKLIMA DEIMOS group, s.r.o.<\/title>\n<meta name=\"robots\" content=\"index, follow, max-snippet:-1, max-image-preview:large, max-video-preview:-1\" \/>\n<link rel=\"canonical\" href=\"https:\/\/www.slovklima.sk\/hu\/produkt\/medene-potrubie-izolovane\/\" \/>\n<meta property=\"og:locale\" content=\"hu_HU\" \/>\n<meta property=\"og:type\" content=\"article\" \/>\n<meta property=\"og:title\" content=\"R\u00e9zcs\u0151 szigetelt | SLOVKLIMA DEIMOS group, s.r.o.\" \/>\n<meta property=\"og:description\" content=\"A szigetelt r\u00e9zcs\u00f6vek ide\u00e1lis megold\u00e1st jelentenek a h\u0171t\u0151- \u00e9s l\u00e9gkondicion\u00e1l\u00f3 rendszerek h\u0171t\u0151k\u00f6zeg-eloszt\u00e1s\u00e1hoz, ahol nagyfok\u00fa t\u00f6m\u00edtetts\u00e9gre \u00e9s h\u0151vesztes\u00e9g elleni v\u00e9delemre van sz\u00fcks\u00e9g. A be\u00e9p\u00edtett 0,6 mm \u00e9s 0,9 mm k\u00f6z\u00f6tti vastags\u00e1g\u00fa szigetel\u0151anyagnak k\u00f6sz\u00f6nhet\u0151en cs\u00f6kkenti a kondenz\u00e1ci\u00f3t \u00e9s n\u00f6veli a teljes berendez\u00e9s energiahat\u00e9konys\u00e1g\u00e1t.\" \/>\n<meta property=\"og:url\" content=\"https:\/\/www.slovklima.sk\/hu\/produkt\/medene-potrubie-izolovane\/\" \/>\n<meta property=\"og:site_name\" content=\"SLOVKLIMA DEIMOS group, s.r.o.\" \/>\n<meta property=\"article:modified_time\" content=\"2026-04-29T07:09:10+00:00\" \/>\n<meta property=\"og:image\" content=\"https:\/\/www.slovklima.sk\/wp-content\/uploads\/2025\/06\/Cu_potrubie_izolovane.jpg\" \/>\n\t<meta property=\"og:image:width\" content=\"800\" \/>\n\t<meta property=\"og:image:height\" content=\"1000\" \/>\n\t<meta property=\"og:image:type\" content=\"image\/jpeg\" \/>\n<meta name=\"twitter:card\" content=\"summary_large_image\" \/>\n<script type=\"application\/ld+json\" class=\"yoast-schema-graph\">{\"@context\":\"https:\/\/schema.org\",\"@graph\":[{\"@type\":\"WebPage\",\"@id\":\"https:\/\/www.slovklima.sk\/hu\/produkt\/medene-potrubie-izolovane\/\",\"url\":\"https:\/\/www.slovklima.sk\/hu\/produkt\/medene-potrubie-izolovane\/\",\"name\":\"R\u00e9zcs\u0151 szigetelt | SLOVKLIMA DEIMOS group, s.r.o.\",\"isPartOf\":{\"@id\":\"https:\/\/www.slovklima.sk\/#website\"},\"primaryImageOfPage\":{\"@id\":\"https:\/\/www.slovklima.sk\/hu\/produkt\/medene-potrubie-izolovane\/#primaryimage\"},\"image\":{\"@id\":\"https:\/\/www.slovklima.sk\/hu\/produkt\/medene-potrubie-izolovane\/#primaryimage\"},\"thumbnailUrl\":\"https:\/\/www.slovklima.sk\/wp-content\/uploads\/2025\/06\/Cu_potrubie_izolovane.jpg\",\"datePublished\":\"2025-06-23T09:01:24+00:00\",\"dateModified\":\"2026-04-29T07:09:10+00:00\",\"breadcrumb\":{\"@id\":\"https:\/\/www.slovklima.sk\/hu\/produkt\/medene-potrubie-izolovane\/#breadcrumb\"},\"inLanguage\":\"hu\",\"potentialAction\":[{\"@type\":\"ReadAction\",\"target\":[\"https:\/\/www.slovklima.sk\/hu\/produkt\/medene-potrubie-izolovane\/\"]}]},{\"@type\":\"ImageObject\",\"inLanguage\":\"hu\",\"@id\":\"https:\/\/www.slovklima.sk\/hu\/produkt\/medene-potrubie-izolovane\/#primaryimage\",\"url\":\"https:\/\/www.slovklima.sk\/wp-content\/uploads\/2025\/06\/Cu_potrubie_izolovane.jpg\",\"contentUrl\":\"https:\/\/www.slovklima.sk\/wp-content\/uploads\/2025\/06\/Cu_potrubie_izolovane.jpg\",\"width\":800,\"height\":1000},{\"@type\":\"BreadcrumbList\",\"@id\":\"https:\/\/www.slovklima.sk\/hu\/produkt\/medene-potrubie-izolovane\/#breadcrumb\",\"itemListElement\":[{\"@type\":\"ListItem\",\"position\":1,\"name\":\"Domovsk\u00e1 str\u00e1nka\",\"item\":\"https:\/\/www.slovklima.sk\/hu\/\"},{\"@type\":\"ListItem\",\"position\":2,\"name\":\"Term\u00e9kek\",\"item\":\"https:\/\/www.slovklima.sk\/termekek\/\"},{\"@type\":\"ListItem\",\"position\":3,\"name\":\"R\u00e9zcs\u0151 szigetelt\"}]},{\"@type\":\"WebSite\",\"@id\":\"https:\/\/www.slovklima.sk\/#website\",\"url\":\"https:\/\/www.slovklima.sk\/\",\"name\":\"SLOVKLIMA DEIMOS group, s.r.o.\",\"description\":\"\",\"publisher\":{\"@id\":\"https:\/\/www.slovklima.sk\/#organization\"},\"alternateName\":\"SLOVKLIMA\",\"potentialAction\":[{\"@type\":\"SearchAction\",\"target\":{\"@type\":\"EntryPoint\",\"urlTemplate\":\"https:\/\/www.slovklima.sk\/?s={search_term_string}\"},\"query-input\":{\"@type\":\"PropertyValueSpecification\",\"valueRequired\":true,\"valueName\":\"search_term_string\"}}],\"inLanguage\":\"hu\"},{\"@type\":\"Organization\",\"@id\":\"https:\/\/www.slovklima.sk\/#organization\",\"name\":\"SLOVKLIMA DEIMOS group, s.r.o.\",\"alternateName\":\"SLOVKLIMA\",\"url\":\"https:\/\/www.slovklima.sk\/\",\"logo\":{\"@type\":\"ImageObject\",\"inLanguage\":\"hu\",\"@id\":\"https:\/\/www.slovklima.sk\/#\/schema\/logo\/image\/\",\"url\":\"https:\/\/www.slovklima.sk\/wp-content\/uploads\/2022\/12\/slovklima-logo-black.svg\",\"contentUrl\":\"https:\/\/www.slovklima.sk\/wp-content\/uploads\/2022\/12\/slovklima-logo-black.svg\",\"width\":3218,\"height\":698,\"caption\":\"SLOVKLIMA DEIMOS group, s.r.o.\"},\"image\":{\"@id\":\"https:\/\/www.slovklima.sk\/#\/schema\/logo\/image\/\"}}]}<\/script>\n<!-- \/ Yoast SEO plugin. -->","yoast_head_json":{"title":"R\u00e9zcs\u0151 szigetelt | SLOVKLIMA DEIMOS group, s.r.o.","robots":{"index":"index","follow":"follow","max-snippet":"max-snippet:-1","max-image-preview":"max-image-preview:large","max-video-preview":"max-video-preview:-1"},"canonical":"https:\/\/www.slovklima.sk\/hu\/produkt\/medene-potrubie-izolovane\/","og_locale":"hu_HU","og_type":"article","og_title":"R\u00e9zcs\u0151 szigetelt | SLOVKLIMA DEIMOS group, s.r.o.","og_description":"A szigetelt r\u00e9zcs\u00f6vek ide\u00e1lis megold\u00e1st jelentenek a h\u0171t\u0151- \u00e9s l\u00e9gkondicion\u00e1l\u00f3 rendszerek h\u0171t\u0151k\u00f6zeg-eloszt\u00e1s\u00e1hoz, ahol nagyfok\u00fa t\u00f6m\u00edtetts\u00e9gre \u00e9s h\u0151vesztes\u00e9g elleni v\u00e9delemre van sz\u00fcks\u00e9g. A be\u00e9p\u00edtett 0,6 mm \u00e9s 0,9 mm k\u00f6z\u00f6tti vastags\u00e1g\u00fa szigetel\u0151anyagnak k\u00f6sz\u00f6nhet\u0151en cs\u00f6kkenti a kondenz\u00e1ci\u00f3t \u00e9s n\u00f6veli a teljes berendez\u00e9s energiahat\u00e9konys\u00e1g\u00e1t.","og_url":"https:\/\/www.slovklima.sk\/hu\/produkt\/medene-potrubie-izolovane\/","og_site_name":"SLOVKLIMA DEIMOS group, s.r.o.","article_modified_time":"2026-04-29T07:09:10+00:00","og_image":[{"width":800,"height":1000,"url":"https:\/\/www.slovklima.sk\/wp-content\/uploads\/2025\/06\/Cu_potrubie_izolovane.jpg","type":"image\/jpeg"}],"twitter_card":"summary_large_image","schema":{"@context":"https:\/\/schema.org","@graph":[{"@type":"WebPage","@id":"https:\/\/www.slovklima.sk\/hu\/produkt\/medene-potrubie-izolovane\/","url":"https:\/\/www.slovklima.sk\/hu\/produkt\/medene-potrubie-izolovane\/","name":"R\u00e9zcs\u0151 szigetelt | SLOVKLIMA DEIMOS group, s.r.o.","isPartOf":{"@id":"https:\/\/www.slovklima.sk\/#website"},"primaryImageOfPage":{"@id":"https:\/\/www.slovklima.sk\/hu\/produkt\/medene-potrubie-izolovane\/#primaryimage"},"image":{"@id":"https:\/\/www.slovklima.sk\/hu\/produkt\/medene-potrubie-izolovane\/#primaryimage"},"thumbnailUrl":"https:\/\/www.slovklima.sk\/wp-content\/uploads\/2025\/06\/Cu_potrubie_izolovane.jpg","datePublished":"2025-06-23T09:01:24+00:00","dateModified":"2026-04-29T07:09:10+00:00","breadcrumb":{"@id":"https:\/\/www.slovklima.sk\/hu\/produkt\/medene-potrubie-izolovane\/#breadcrumb"},"inLanguage":"hu","potentialAction":[{"@type":"ReadAction","target":["https:\/\/www.slovklima.sk\/hu\/produkt\/medene-potrubie-izolovane\/"]}]},{"@type":"ImageObject","inLanguage":"hu","@id":"https:\/\/www.slovklima.sk\/hu\/produkt\/medene-potrubie-izolovane\/#primaryimage","url":"https:\/\/www.slovklima.sk\/wp-content\/uploads\/2025\/06\/Cu_potrubie_izolovane.jpg","contentUrl":"https:\/\/www.slovklima.sk\/wp-content\/uploads\/2025\/06\/Cu_potrubie_izolovane.jpg","width":800,"height":1000},{"@type":"BreadcrumbList","@id":"https:\/\/www.slovklima.sk\/hu\/produkt\/medene-potrubie-izolovane\/#breadcrumb","itemListElement":[{"@type":"ListItem","position":1,"name":"Domovsk\u00e1 str\u00e1nka","item":"https:\/\/www.slovklima.sk\/hu\/"},{"@type":"ListItem","position":2,"name":"Term\u00e9kek","item":"https:\/\/www.slovklima.sk\/termekek\/"},{"@type":"ListItem","position":3,"name":"R\u00e9zcs\u0151 szigetelt"}]},{"@type":"WebSite","@id":"https:\/\/www.slovklima.sk\/#website","url":"https:\/\/www.slovklima.sk\/","name":"SLOVKLIMA DEIMOS group, s.r.o.","description":"","publisher":{"@id":"https:\/\/www.slovklima.sk\/#organization"},"alternateName":"SLOVKLIMA","potentialAction":[{"@type":"SearchAction","target":{"@type":"EntryPoint","urlTemplate":"https:\/\/www.slovklima.sk\/?s={search_term_string}"},"query-input":{"@type":"PropertyValueSpecification","valueRequired":true,"valueName":"search_term_string"}}],"inLanguage":"hu"},{"@type":"Organization","@id":"https:\/\/www.slovklima.sk\/#organization","name":"SLOVKLIMA DEIMOS group, s.r.o.","alternateName":"SLOVKLIMA","url":"https:\/\/www.slovklima.sk\/","logo":{"@type":"ImageObject","inLanguage":"hu","@id":"https:\/\/www.slovklima.sk\/#\/schema\/logo\/image\/","url":"https:\/\/www.slovklima.sk\/wp-content\/uploads\/2022\/12\/slovklima-logo-black.svg","contentUrl":"https:\/\/www.slovklima.sk\/wp-content\/uploads\/2022\/12\/slovklima-logo-black.svg","width":3218,"height":698,"caption":"SLOVKLIMA DEIMOS group, s.r.o."},"image":{"@id":"https:\/\/www.slovklima.sk\/#\/schema\/logo\/image\/"}}]}},"_links":{"self":[{"href":"https:\/\/www.slovklima.sk\/hu\/wp-json\/wp\/v2\/product\/16666","targetHints":{"allow":["GET"]}}],"collection":[{"href":"https:\/\/www.slovklima.sk\/hu\/wp-json\/wp\/v2\/product"}],"about":[{"href":"https:\/\/www.slovklima.sk\/hu\/wp-json\/wp\/v2\/types\/product"}],"wp:featuredmedia":[{"embeddable":true,"href":"https:\/\/www.slovklima.sk\/hu\/wp-json\/wp\/v2\/media\/16646"}],"wp:attachment":[{"href":"https:\/\/www.slovklima.sk\/hu\/wp-json\/wp\/v2\/media?parent=16666"}],"wp:term":[{"taxonomy":"product_brand","embeddable":true,"href":"https:\/\/www.slovklima.sk\/hu\/wp-json\/wp\/v2\/product_brand?post=16666"},{"taxonomy":"product_cat","embeddable":true,"href":"https:\/\/www.slovklima.sk\/hu\/wp-json\/wp\/v2\/product_cat?post=16666"},{"taxonomy":"product_tag","embeddable":true,"href":"https:\/\/www.slovklima.sk\/hu\/wp-json\/wp\/v2\/product_tag?post=16666"}],"curies":[{"name":"wp","href":"https:\/\/api.w.org\/{rel}","templated":true}]}}

Rézcső szigetelt

<p>A szigetelt rézcsövek ideális megoldást jelentenek a hűtő- és légkondicionáló rendszerek hűtőközeg-elosztásához, ahol nagyfokú tömítettségre és hőveszteség elleni védelemre van szükség. A beépített 0,6 mm és 0,9 mm közötti vastagságú szigetelőanyagnak köszönhetően csökkenti a kondenzációt és növeli a teljes berendezés energiahatékonyságát. </p>

<!-- This site is optimized with the Yoast SEO plugin v24.3 - https://yoast.com/wordpress/plugins/seo/ -->
<title>Rézcső szigetelt | SLOVKLIMA DEIMOS group, s.r.o.</title>
<meta name="robots" content="index, follow, max-snippet:-1, max-image-preview:large, max-video-preview:-1" />
<link rel="canonical" href="https://www.slovklima.sk/hu/produkt/medene-potrubie-izolovane/" />
<meta property="og:locale" content="hu_HU" />
<meta property="og:type" content="article" />
<meta property="og:title" content="Rézcső szigetelt | SLOVKLIMA DEIMOS group, s.r.o." />
<meta property="og:description" content="A szigetelt rézcsövek ideális megoldást jelentenek a hűtő- és légkondicionáló rendszerek hűtőközeg-elosztásához, ahol nagyfokú tömítettségre és hőveszteség elleni védelemre van szükség. A beépített 0,6 mm és 0,9 mm közötti vastagságú szigetelőanyagnak köszönhetően csökkenti a kondenzációt és növeli a teljes berendezés energiahatékonyságát." />
<meta property="og:url" content="https://www.slovklima.sk/hu/produkt/medene-potrubie-izolovane/" />
<meta property="og:site_name" content="SLOVKLIMA DEIMOS group, s.r.o." />
<meta property="article:modified_time" content="2026-04-29T07:09:10+00:00" />
<meta property="og:image" content="https://www.slovklima.sk/wp-content/uploads/2025/06/Cu_potrubie_izolovane.jpg" />
	<meta property="og:image:width" content="800" />
	<meta property="og:image:height" content="1000" />
	<meta property="og:image:type" content="image/jpeg" />
<meta name="twitter:card" content="summary_large_image" />
<script type="application/ld+json" class="yoast-schema-graph">{"@context":"https://schema.org","@graph":[{"@type":"WebPage","@id":"https://www.slovklima.sk/hu/produkt/medene-potrubie-izolovane/","url":"https://www.slovklima.sk/hu/produkt/medene-potrubie-izolovane/","name":"Rézcső szigetelt | SLOVKLIMA DEIMOS group, s.r.o.","isPartOf":{"@id":"https://www.slovklima.sk/#website"},"primaryImageOfPage":{"@id":"https://www.slovklima.sk/hu/produkt/medene-potrubie-izolovane/#primaryimage"},"image":{"@id":"https://www.slovklima.sk/hu/produkt/medene-potrubie-izolovane/#primaryimage"},"thumbnailUrl":"https://www.slovklima.sk/wp-content/uploads/2025/06/Cu_potrubie_izolovane.jpg","datePublished":"2025-06-23T09:01:24+00:00","dateModified":"2026-04-29T07:09:10+00:00","breadcrumb":{"@id":"https://www.slovklima.sk/hu/produkt/medene-potrubie-izolovane/#breadcrumb"},"inLanguage":"hu","potentialAction":[{"@type":"ReadAction","target":["https://www.slovklima.sk/hu/produkt/medene-potrubie-izolovane/"]}]},{"@type":"ImageObject","inLanguage":"hu","@id":"https://www.slovklima.sk/hu/produkt/medene-potrubie-izolovane/#primaryimage","url":"https://www.slovklima.sk/wp-content/uploads/2025/06/Cu_potrubie_izolovane.jpg","contentUrl":"https://www.slovklima.sk/wp-content/uploads/2025/06/Cu_potrubie_izolovane.jpg","width":800,"height":1000},{"@type":"BreadcrumbList","@id":"https://www.slovklima.sk/hu/produkt/medene-potrubie-izolovane/#breadcrumb","itemListElement":[{"@type":"ListItem","position":1,"name":"Domovská stránka","item":"https://www.slovklima.sk/hu/"},{"@type":"ListItem","position":2,"name":"Termékek","item":"https://www.slovklima.sk/termekek/"},{"@type":"ListItem","position":3,"name":"Rézcső szigetelt"}]},{"@type":"WebSite","@id":"https://www.slovklima.sk/#website","url":"https://www.slovklima.sk/","name":"SLOVKLIMA DEIMOS group, s.r.o.","description":"","publisher":{"@id":"https://www.slovklima.sk/#organization"},"alternateName":"SLOVKLIMA","potentialAction":[{"@type":"SearchAction","target":{"@type":"EntryPoint","urlTemplate":"https://www.slovklima.sk/?s={search_term_string}"},"query-input":{"@type":"PropertyValueSpecification","valueRequired":true,"valueName":"search_term_string"}}],"inLanguage":"hu"},{"@type":"Organization","@id":"https://www.slovklima.sk/#organization","name":"SLOVKLIMA DEIMOS group, s.r.o.","alternateName":"SLOVKLIMA","url":"https://www.slovklima.sk/","logo":{"@type":"ImageObject","inLanguage":"hu","@id":"https://www.slovklima.sk/#/schema/logo/image/","url":"https://www.slovklima.sk/wp-content/uploads/2022/12/slovklima-logo-black.svg","contentUrl":"https://www.slovklima.sk/wp-content/uploads/2022/12/slovklima-logo-black.svg","width":3218,"height":698,"caption":"SLOVKLIMA DEIMOS group, s.r.o."},"image":{"@id":"https://www.slovklima.sk/#/schema/logo/image/"}}]}</script>
<!-- / Yoast SEO plugin. -->

Rézcső szigetelt | SLOVKLIMA DEIMOS group, s.r.o.

A szigetelt rézcsövek ideális megoldást jelentenek a hűtő- és légkondicionáló rendszerek hűtőközeg-elosztásához, ahol nagyfokú tömítettségre és hőveszteség elleni védelemre van szükség. A beépített 0,6 mm és 0,9 mm közötti vastagságú szigetelőanyagnak köszönhetően csökkenti a kondenzációt és növeli a teljes berendezés energiahatékonyságát.

Domovská stránka

Termékek
