{"id":16663,"date":"2025-06-23T11:00:20","date_gmt":"2025-06-23T09:00:20","guid":{"rendered":"https:\/\/www.slovklima.sk\/?post_type=product&#038;p=16663"},"modified":"2025-12-08T09:04:47","modified_gmt":"2025-12-08T08:04:47","slug":"medene-potrubie-izolovane-uv-gel","status":"publish","type":"product","link":"https:\/\/www.slovklima.sk\/hu\/produkt\/medene-potrubie-izolovane-uv-gel\/","title":{"rendered":"Meden\u00e9 potrubie izolovan\u00e9 UV gel"},"content":{"rendered":"","protected":false},"excerpt":{"rendered":"<p>Me\u010f je vyroben\u00e1 z kvalitnej zliatiny Cu-DHP (99,90 % Cu), s certifik\u00e1ciou IGQ P112 a vn\u00fatornou \u010distotou &lt;0,05 mg\/dm\u00b2. Dod\u00e1van\u00e1 s UV odolnou izol\u00e1ciou s vrstvou hlin\u00edkovej f\u00f3lie a ochrannou PVC vrstvou, ktor\u00e1 zabezpe\u010duje tepeln\u00fa stabilitu v rozsahu od -80 \u00b0C do +120 \u00b0C. Ide\u00e1lne rie\u0161enie pre klimatiza\u010dn\u00e9 syst\u00e9my, split jednotky a tepeln\u00e9 \u010derpadl\u00e1 s m\u00e9diami R410A a R32 \u2013 spo\u013eahlivos\u0165, presnos\u0165 a dlh\u00e1 \u017eivotnos\u0165 v jednom produkte.<\/p>\n","protected":false},"featured_media":16652,"template":"","meta":[],"product_brand":[],"product_cat":[387,370,408],"product_tag":[],"class_list":{"0":"post-16663","1":"product","2":"type-product","3":"status-publish","4":"has-post-thumbnail","6":"product_cat-hutokozeg-elosztasa","7":"product_cat-professzionalis-hutes","8":"product_cat-rez-csovek","10":"first","11":"instock","12":"shipping-taxable","13":"product-type-simple"},"yoast_head":"<!-- This site is optimized with the Yoast SEO plugin v24.3 - https:\/\/yoast.com\/wordpress\/plugins\/seo\/ -->\n<title>Meden\u00e9 potrubie izolovan\u00e9 UV gel | SLOVKLIMA DEIMOS group, s.r.o.<\/title>\n<meta name=\"robots\" content=\"index, follow, max-snippet:-1, max-image-preview:large, max-video-preview:-1\" \/>\n<link rel=\"canonical\" href=\"https:\/\/www.slovklima.sk\/hu\/produkt\/medene-potrubie-izolovane-uv-gel\/\" \/>\n<meta property=\"og:locale\" content=\"hu_HU\" \/>\n<meta property=\"og:type\" content=\"article\" \/>\n<meta property=\"og:title\" content=\"Meden\u00e9 potrubie izolovan\u00e9 UV gel | SLOVKLIMA DEIMOS group, s.r.o.\" \/>\n<meta property=\"og:description\" content=\"Me\u010f je vyroben\u00e1 z kvalitnej zliatiny Cu-DHP (99,90 % Cu), s certifik\u00e1ciou IGQ P112 a vn\u00fatornou \u010distotou &lt;0,05 mg\/dm\u00b2. Dod\u00e1van\u00e1 s UV odolnou izol\u00e1ciou s vrstvou hlin\u00edkovej f\u00f3lie a ochrannou PVC vrstvou, ktor\u00e1 zabezpe\u010duje tepeln\u00fa stabilitu v rozsahu od -80 \u00b0C do +120 \u00b0C. Ide\u00e1lne rie\u0161enie pre klimatiza\u010dn\u00e9 syst\u00e9my, split jednotky a tepeln\u00e9 \u010derpadl\u00e1 s m\u00e9diami R410A a R32 \u2013 spo\u013eahlivos\u0165, presnos\u0165 a dlh\u00e1 \u017eivotnos\u0165 v jednom produkte.\" \/>\n<meta property=\"og:url\" content=\"https:\/\/www.slovklima.sk\/hu\/produkt\/medene-potrubie-izolovane-uv-gel\/\" \/>\n<meta property=\"og:site_name\" content=\"SLOVKLIMA DEIMOS group, s.r.o.\" \/>\n<meta property=\"article:modified_time\" content=\"2025-12-08T08:04:47+00:00\" \/>\n<meta property=\"og:image\" content=\"https:\/\/www.slovklima.sk\/wp-content\/uploads\/2025\/06\/Cu_potrubie_izolovane_UV_gel_1.jpg\" \/>\n\t<meta property=\"og:image:width\" content=\"800\" \/>\n\t<meta property=\"og:image:height\" content=\"1000\" \/>\n\t<meta property=\"og:image:type\" content=\"image\/jpeg\" \/>\n<meta name=\"twitter:card\" content=\"summary_large_image\" \/>\n<script type=\"application\/ld+json\" class=\"yoast-schema-graph\">{\"@context\":\"https:\/\/schema.org\",\"@graph\":[{\"@type\":\"WebPage\",\"@id\":\"https:\/\/www.slovklima.sk\/hu\/produkt\/medene-potrubie-izolovane-uv-gel\/\",\"url\":\"https:\/\/www.slovklima.sk\/hu\/produkt\/medene-potrubie-izolovane-uv-gel\/\",\"name\":\"Meden\u00e9 potrubie izolovan\u00e9 UV gel | SLOVKLIMA DEIMOS group, s.r.o.\",\"isPartOf\":{\"@id\":\"https:\/\/www.slovklima.sk\/#website\"},\"primaryImageOfPage\":{\"@id\":\"https:\/\/www.slovklima.sk\/hu\/produkt\/medene-potrubie-izolovane-uv-gel\/#primaryimage\"},\"image\":{\"@id\":\"https:\/\/www.slovklima.sk\/hu\/produkt\/medene-potrubie-izolovane-uv-gel\/#primaryimage\"},\"thumbnailUrl\":\"https:\/\/www.slovklima.sk\/wp-content\/uploads\/2025\/06\/Cu_potrubie_izolovane_UV_gel_1.jpg\",\"datePublished\":\"2025-06-23T09:00:20+00:00\",\"dateModified\":\"2025-12-08T08:04:47+00:00\",\"breadcrumb\":{\"@id\":\"https:\/\/www.slovklima.sk\/hu\/produkt\/medene-potrubie-izolovane-uv-gel\/#breadcrumb\"},\"inLanguage\":\"hu\",\"potentialAction\":[{\"@type\":\"ReadAction\",\"target\":[\"https:\/\/www.slovklima.sk\/hu\/produkt\/medene-potrubie-izolovane-uv-gel\/\"]}]},{\"@type\":\"ImageObject\",\"inLanguage\":\"hu\",\"@id\":\"https:\/\/www.slovklima.sk\/hu\/produkt\/medene-potrubie-izolovane-uv-gel\/#primaryimage\",\"url\":\"https:\/\/www.slovklima.sk\/wp-content\/uploads\/2025\/06\/Cu_potrubie_izolovane_UV_gel_1.jpg\",\"contentUrl\":\"https:\/\/www.slovklima.sk\/wp-content\/uploads\/2025\/06\/Cu_potrubie_izolovane_UV_gel_1.jpg\",\"width\":800,\"height\":1000},{\"@type\":\"BreadcrumbList\",\"@id\":\"https:\/\/www.slovklima.sk\/hu\/produkt\/medene-potrubie-izolovane-uv-gel\/#breadcrumb\",\"itemListElement\":[{\"@type\":\"ListItem\",\"position\":1,\"name\":\"Domovsk\u00e1 str\u00e1nka\",\"item\":\"https:\/\/www.slovklima.sk\/hu\/\"},{\"@type\":\"ListItem\",\"position\":2,\"name\":\"Term\u00e9kek\",\"item\":\"https:\/\/www.slovklima.sk\/termekek\/\"},{\"@type\":\"ListItem\",\"position\":3,\"name\":\"Meden\u00e9 potrubie izolovan\u00e9 UV gel\"}]},{\"@type\":\"WebSite\",\"@id\":\"https:\/\/www.slovklima.sk\/#website\",\"url\":\"https:\/\/www.slovklima.sk\/\",\"name\":\"SLOVKLIMA DEIMOS group, s.r.o.\",\"description\":\"\",\"publisher\":{\"@id\":\"https:\/\/www.slovklima.sk\/#organization\"},\"alternateName\":\"SLOVKLIMA\",\"potentialAction\":[{\"@type\":\"SearchAction\",\"target\":{\"@type\":\"EntryPoint\",\"urlTemplate\":\"https:\/\/www.slovklima.sk\/?s={search_term_string}\"},\"query-input\":{\"@type\":\"PropertyValueSpecification\",\"valueRequired\":true,\"valueName\":\"search_term_string\"}}],\"inLanguage\":\"hu\"},{\"@type\":\"Organization\",\"@id\":\"https:\/\/www.slovklima.sk\/#organization\",\"name\":\"SLOVKLIMA DEIMOS group, s.r.o.\",\"alternateName\":\"SLOVKLIMA\",\"url\":\"https:\/\/www.slovklima.sk\/\",\"logo\":{\"@type\":\"ImageObject\",\"inLanguage\":\"hu\",\"@id\":\"https:\/\/www.slovklima.sk\/#\/schema\/logo\/image\/\",\"url\":\"https:\/\/www.slovklima.sk\/wp-content\/uploads\/2022\/12\/slovklima-logo-black.svg\",\"contentUrl\":\"https:\/\/www.slovklima.sk\/wp-content\/uploads\/2022\/12\/slovklima-logo-black.svg\",\"width\":3218,\"height\":698,\"caption\":\"SLOVKLIMA DEIMOS group, s.r.o.\"},\"image\":{\"@id\":\"https:\/\/www.slovklima.sk\/#\/schema\/logo\/image\/\"}}]}<\/script>\n<!-- \/ Yoast SEO plugin. -->","yoast_head_json":{"title":"Meden\u00e9 potrubie izolovan\u00e9 UV gel | SLOVKLIMA DEIMOS group, s.r.o.","robots":{"index":"index","follow":"follow","max-snippet":"max-snippet:-1","max-image-preview":"max-image-preview:large","max-video-preview":"max-video-preview:-1"},"canonical":"https:\/\/www.slovklima.sk\/hu\/produkt\/medene-potrubie-izolovane-uv-gel\/","og_locale":"hu_HU","og_type":"article","og_title":"Meden\u00e9 potrubie izolovan\u00e9 UV gel | SLOVKLIMA DEIMOS group, s.r.o.","og_description":"Me\u010f je vyroben\u00e1 z kvalitnej zliatiny Cu-DHP (99,90 % Cu), s certifik\u00e1ciou IGQ P112 a vn\u00fatornou \u010distotou &lt;0,05 mg\/dm\u00b2. Dod\u00e1van\u00e1 s UV odolnou izol\u00e1ciou s vrstvou hlin\u00edkovej f\u00f3lie a ochrannou PVC vrstvou, ktor\u00e1 zabezpe\u010duje tepeln\u00fa stabilitu v rozsahu od -80 \u00b0C do +120 \u00b0C. Ide\u00e1lne rie\u0161enie pre klimatiza\u010dn\u00e9 syst\u00e9my, split jednotky a tepeln\u00e9 \u010derpadl\u00e1 s m\u00e9diami R410A a R32 \u2013 spo\u013eahlivos\u0165, presnos\u0165 a dlh\u00e1 \u017eivotnos\u0165 v jednom produkte.","og_url":"https:\/\/www.slovklima.sk\/hu\/produkt\/medene-potrubie-izolovane-uv-gel\/","og_site_name":"SLOVKLIMA DEIMOS group, s.r.o.","article_modified_time":"2025-12-08T08:04:47+00:00","og_image":[{"width":800,"height":1000,"url":"https:\/\/www.slovklima.sk\/wp-content\/uploads\/2025\/06\/Cu_potrubie_izolovane_UV_gel_1.jpg","type":"image\/jpeg"}],"twitter_card":"summary_large_image","schema":{"@context":"https:\/\/schema.org","@graph":[{"@type":"WebPage","@id":"https:\/\/www.slovklima.sk\/hu\/produkt\/medene-potrubie-izolovane-uv-gel\/","url":"https:\/\/www.slovklima.sk\/hu\/produkt\/medene-potrubie-izolovane-uv-gel\/","name":"Meden\u00e9 potrubie izolovan\u00e9 UV gel | SLOVKLIMA DEIMOS group, s.r.o.","isPartOf":{"@id":"https:\/\/www.slovklima.sk\/#website"},"primaryImageOfPage":{"@id":"https:\/\/www.slovklima.sk\/hu\/produkt\/medene-potrubie-izolovane-uv-gel\/#primaryimage"},"image":{"@id":"https:\/\/www.slovklima.sk\/hu\/produkt\/medene-potrubie-izolovane-uv-gel\/#primaryimage"},"thumbnailUrl":"https:\/\/www.slovklima.sk\/wp-content\/uploads\/2025\/06\/Cu_potrubie_izolovane_UV_gel_1.jpg","datePublished":"2025-06-23T09:00:20+00:00","dateModified":"2025-12-08T08:04:47+00:00","breadcrumb":{"@id":"https:\/\/www.slovklima.sk\/hu\/produkt\/medene-potrubie-izolovane-uv-gel\/#breadcrumb"},"inLanguage":"hu","potentialAction":[{"@type":"ReadAction","target":["https:\/\/www.slovklima.sk\/hu\/produkt\/medene-potrubie-izolovane-uv-gel\/"]}]},{"@type":"ImageObject","inLanguage":"hu","@id":"https:\/\/www.slovklima.sk\/hu\/produkt\/medene-potrubie-izolovane-uv-gel\/#primaryimage","url":"https:\/\/www.slovklima.sk\/wp-content\/uploads\/2025\/06\/Cu_potrubie_izolovane_UV_gel_1.jpg","contentUrl":"https:\/\/www.slovklima.sk\/wp-content\/uploads\/2025\/06\/Cu_potrubie_izolovane_UV_gel_1.jpg","width":800,"height":1000},{"@type":"BreadcrumbList","@id":"https:\/\/www.slovklima.sk\/hu\/produkt\/medene-potrubie-izolovane-uv-gel\/#breadcrumb","itemListElement":[{"@type":"ListItem","position":1,"name":"Domovsk\u00e1 str\u00e1nka","item":"https:\/\/www.slovklima.sk\/hu\/"},{"@type":"ListItem","position":2,"name":"Term\u00e9kek","item":"https:\/\/www.slovklima.sk\/termekek\/"},{"@type":"ListItem","position":3,"name":"Meden\u00e9 potrubie izolovan\u00e9 UV gel"}]},{"@type":"WebSite","@id":"https:\/\/www.slovklima.sk\/#website","url":"https:\/\/www.slovklima.sk\/","name":"SLOVKLIMA DEIMOS group, s.r.o.","description":"","publisher":{"@id":"https:\/\/www.slovklima.sk\/#organization"},"alternateName":"SLOVKLIMA","potentialAction":[{"@type":"SearchAction","target":{"@type":"EntryPoint","urlTemplate":"https:\/\/www.slovklima.sk\/?s={search_term_string}"},"query-input":{"@type":"PropertyValueSpecification","valueRequired":true,"valueName":"search_term_string"}}],"inLanguage":"hu"},{"@type":"Organization","@id":"https:\/\/www.slovklima.sk\/#organization","name":"SLOVKLIMA DEIMOS group, s.r.o.","alternateName":"SLOVKLIMA","url":"https:\/\/www.slovklima.sk\/","logo":{"@type":"ImageObject","inLanguage":"hu","@id":"https:\/\/www.slovklima.sk\/#\/schema\/logo\/image\/","url":"https:\/\/www.slovklima.sk\/wp-content\/uploads\/2022\/12\/slovklima-logo-black.svg","contentUrl":"https:\/\/www.slovklima.sk\/wp-content\/uploads\/2022\/12\/slovklima-logo-black.svg","width":3218,"height":698,"caption":"SLOVKLIMA DEIMOS group, s.r.o."},"image":{"@id":"https:\/\/www.slovklima.sk\/#\/schema\/logo\/image\/"}}]}},"_links":{"self":[{"href":"https:\/\/www.slovklima.sk\/hu\/wp-json\/wp\/v2\/product\/16663","targetHints":{"allow":["GET"]}}],"collection":[{"href":"https:\/\/www.slovklima.sk\/hu\/wp-json\/wp\/v2\/product"}],"about":[{"href":"https:\/\/www.slovklima.sk\/hu\/wp-json\/wp\/v2\/types\/product"}],"wp:featuredmedia":[{"embeddable":true,"href":"https:\/\/www.slovklima.sk\/hu\/wp-json\/wp\/v2\/media\/16652"}],"wp:attachment":[{"href":"https:\/\/www.slovklima.sk\/hu\/wp-json\/wp\/v2\/media?parent=16663"}],"wp:term":[{"taxonomy":"product_brand","embeddable":true,"href":"https:\/\/www.slovklima.sk\/hu\/wp-json\/wp\/v2\/product_brand?post=16663"},{"taxonomy":"product_cat","embeddable":true,"href":"https:\/\/www.slovklima.sk\/hu\/wp-json\/wp\/v2\/product_cat?post=16663"},{"taxonomy":"product_tag","embeddable":true,"href":"https:\/\/www.slovklima.sk\/hu\/wp-json\/wp\/v2\/product_tag?post=16663"}],"curies":[{"name":"wp","href":"https:\/\/api.w.org\/{rel}","templated":true}]}}

Medené potrubie izolované UV gel

<p>Meď je vyrobená z kvalitnej zliatiny Cu-DHP (99,90 % Cu), s certifikáciou IGQ P112 a vnútornou čistotou &lt;0,05 mg/dm². Dodávaná s UV odolnou izoláciou s vrstvou hliníkovej fólie a ochrannou PVC vrstvou, ktorá zabezpečuje tepelnú stabilitu v rozsahu od -80 °C do +120 °C. Ideálne riešenie pre klimatizačné systémy, split jednotky a tepelné čerpadlá s médiami R410A a R32 – spoľahlivosť, presnosť a dlhá životnosť v jednom produkte.</p>

<!-- This site is optimized with the Yoast SEO plugin v24.3 - https://yoast.com/wordpress/plugins/seo/ -->
<title>Medené potrubie izolované UV gel | SLOVKLIMA DEIMOS group, s.r.o.</title>
<meta name="robots" content="index, follow, max-snippet:-1, max-image-preview:large, max-video-preview:-1" />
<link rel="canonical" href="https://www.slovklima.sk/hu/produkt/medene-potrubie-izolovane-uv-gel/" />
<meta property="og:locale" content="hu_HU" />
<meta property="og:type" content="article" />
<meta property="og:title" content="Medené potrubie izolované UV gel | SLOVKLIMA DEIMOS group, s.r.o." />
<meta property="og:description" content="Meď je vyrobená z kvalitnej zliatiny Cu-DHP (99,90 % Cu), s certifikáciou IGQ P112 a vnútornou čistotou &lt;0,05 mg/dm². Dodávaná s UV odolnou izoláciou s vrstvou hliníkovej fólie a ochrannou PVC vrstvou, ktorá zabezpečuje tepelnú stabilitu v rozsahu od -80 °C do +120 °C. Ideálne riešenie pre klimatizačné systémy, split jednotky a tepelné čerpadlá s médiami R410A a R32 – spoľahlivosť, presnosť a dlhá životnosť v jednom produkte." />
<meta property="og:url" content="https://www.slovklima.sk/hu/produkt/medene-potrubie-izolovane-uv-gel/" />
<meta property="og:site_name" content="SLOVKLIMA DEIMOS group, s.r.o." />
<meta property="article:modified_time" content="2025-12-08T08:04:47+00:00" />
<meta property="og:image" content="https://www.slovklima.sk/wp-content/uploads/2025/06/Cu_potrubie_izolovane_UV_gel_1.jpg" />
	<meta property="og:image:width" content="800" />
	<meta property="og:image:height" content="1000" />
	<meta property="og:image:type" content="image/jpeg" />
<meta name="twitter:card" content="summary_large_image" />
<script type="application/ld+json" class="yoast-schema-graph">{"@context":"https://schema.org","@graph":[{"@type":"WebPage","@id":"https://www.slovklima.sk/hu/produkt/medene-potrubie-izolovane-uv-gel/","url":"https://www.slovklima.sk/hu/produkt/medene-potrubie-izolovane-uv-gel/","name":"Medené potrubie izolované UV gel | SLOVKLIMA DEIMOS group, s.r.o.","isPartOf":{"@id":"https://www.slovklima.sk/#website"},"primaryImageOfPage":{"@id":"https://www.slovklima.sk/hu/produkt/medene-potrubie-izolovane-uv-gel/#primaryimage"},"image":{"@id":"https://www.slovklima.sk/hu/produkt/medene-potrubie-izolovane-uv-gel/#primaryimage"},"thumbnailUrl":"https://www.slovklima.sk/wp-content/uploads/2025/06/Cu_potrubie_izolovane_UV_gel_1.jpg","datePublished":"2025-06-23T09:00:20+00:00","dateModified":"2025-12-08T08:04:47+00:00","breadcrumb":{"@id":"https://www.slovklima.sk/hu/produkt/medene-potrubie-izolovane-uv-gel/#breadcrumb"},"inLanguage":"hu","potentialAction":[{"@type":"ReadAction","target":["https://www.slovklima.sk/hu/produkt/medene-potrubie-izolovane-uv-gel/"]}]},{"@type":"ImageObject","inLanguage":"hu","@id":"https://www.slovklima.sk/hu/produkt/medene-potrubie-izolovane-uv-gel/#primaryimage","url":"https://www.slovklima.sk/wp-content/uploads/2025/06/Cu_potrubie_izolovane_UV_gel_1.jpg","contentUrl":"https://www.slovklima.sk/wp-content/uploads/2025/06/Cu_potrubie_izolovane_UV_gel_1.jpg","width":800,"height":1000},{"@type":"BreadcrumbList","@id":"https://www.slovklima.sk/hu/produkt/medene-potrubie-izolovane-uv-gel/#breadcrumb","itemListElement":[{"@type":"ListItem","position":1,"name":"Domovská stránka","item":"https://www.slovklima.sk/hu/"},{"@type":"ListItem","position":2,"name":"Termékek","item":"https://www.slovklima.sk/termekek/"},{"@type":"ListItem","position":3,"name":"Medené potrubie izolované UV gel"}]},{"@type":"WebSite","@id":"https://www.slovklima.sk/#website","url":"https://www.slovklima.sk/","name":"SLOVKLIMA DEIMOS group, s.r.o.","description":"","publisher":{"@id":"https://www.slovklima.sk/#organization"},"alternateName":"SLOVKLIMA","potentialAction":[{"@type":"SearchAction","target":{"@type":"EntryPoint","urlTemplate":"https://www.slovklima.sk/?s={search_term_string}"},"query-input":{"@type":"PropertyValueSpecification","valueRequired":true,"valueName":"search_term_string"}}],"inLanguage":"hu"},{"@type":"Organization","@id":"https://www.slovklima.sk/#organization","name":"SLOVKLIMA DEIMOS group, s.r.o.","alternateName":"SLOVKLIMA","url":"https://www.slovklima.sk/","logo":{"@type":"ImageObject","inLanguage":"hu","@id":"https://www.slovklima.sk/#/schema/logo/image/","url":"https://www.slovklima.sk/wp-content/uploads/2022/12/slovklima-logo-black.svg","contentUrl":"https://www.slovklima.sk/wp-content/uploads/2022/12/slovklima-logo-black.svg","width":3218,"height":698,"caption":"SLOVKLIMA DEIMOS group, s.r.o."},"image":{"@id":"https://www.slovklima.sk/#/schema/logo/image/"}}]}</script>
<!-- / Yoast SEO plugin. -->

Medené potrubie izolované UV gel | SLOVKLIMA DEIMOS group, s.r.o.

Meď je vyrobená z kvalitnej zliatiny Cu-DHP (99,90 % Cu), s certifikáciou IGQ P112 a vnútornou čistotou &lt;0,05 mg/dm². Dodávaná s UV odolnou izoláciou s vrstvou hliníkovej fólie a ochrannou PVC vrstvou, ktorá zabezpečuje tepelnú stabilitu v rozsahu od -80 °C do +120 °C. Ideálne riešenie pre klimatizačné systémy, split jednotky a tepelné čerpadlá s médiami R410A a R32 – spoľahlivosť, presnosť a dlhá životnosť v jednom produkte.

Domovská stránka

Termékek
