{"id":16449,"date":"2025-06-19T13:43:18","date_gmt":"2025-06-19T11:43:18","guid":{"rendered":"https:\/\/www.slovklima.sk\/?post_type=product&#038;p=16449"},"modified":"2025-07-11T14:02:32","modified_gmt":"2025-07-11T12:02:32","slug":"teplomerna-skala-pre-manometer-refco","status":"publish","type":"product","link":"https:\/\/www.slovklima.sk\/hu\/produkt\/teplomerna-skala-pre-manometer-refco\/","title":{"rendered":"Teplomern\u00e1 \u0161k\u00e1la pre manometer Refco"},"content":{"rendered":"","protected":false},"excerpt":{"rendered":"<p>T\u00e1to n\u00e1hradn\u00e1 \u0161k\u00e1la je ur\u010den\u00e1 pre manometre Refco s priemerom 52 mm. Umo\u017e\u0148uje jednoduch\u00fa v\u00fdmenu pri po\u0161koden\u00ed alebo opotreben\u00ed.<\/p>\n","protected":false},"featured_media":16407,"template":"","meta":[],"product_brand":[],"product_cat":[371,375,370],"product_tag":[],"class_list":{"0":"post-16449","1":"product","2":"type-product","3":"status-publish","4":"has-post-thumbnail","6":"product_cat-eszkozok","7":"product_cat-meres","8":"product_cat-professzionalis-hutes","10":"first","11":"instock","12":"shipping-taxable","13":"product-type-simple"},"yoast_head":"<!-- This site is optimized with the Yoast SEO plugin v24.3 - https:\/\/yoast.com\/wordpress\/plugins\/seo\/ -->\n<title>Teplomern\u00e1 \u0161k\u00e1la pre manometer Refco | SLOVKLIMA DEIMOS group, s.r.o.<\/title>\n<meta name=\"robots\" content=\"index, follow, max-snippet:-1, max-image-preview:large, max-video-preview:-1\" \/>\n<link rel=\"canonical\" href=\"https:\/\/www.slovklima.sk\/hu\/produkt\/teplomerna-skala-pre-manometer-refco\/\" \/>\n<meta property=\"og:locale\" content=\"hu_HU\" \/>\n<meta property=\"og:type\" content=\"article\" \/>\n<meta property=\"og:title\" content=\"Teplomern\u00e1 \u0161k\u00e1la pre manometer Refco | SLOVKLIMA DEIMOS group, s.r.o.\" \/>\n<meta property=\"og:description\" content=\"T\u00e1to n\u00e1hradn\u00e1 \u0161k\u00e1la je ur\u010den\u00e1 pre manometre Refco s priemerom 52 mm. Umo\u017e\u0148uje jednoduch\u00fa v\u00fdmenu pri po\u0161koden\u00ed alebo opotreben\u00ed.\" \/>\n<meta property=\"og:url\" content=\"https:\/\/www.slovklima.sk\/hu\/produkt\/teplomerna-skala-pre-manometer-refco\/\" \/>\n<meta property=\"og:site_name\" content=\"SLOVKLIMA DEIMOS group, s.r.o.\" \/>\n<meta property=\"article:modified_time\" content=\"2025-07-11T12:02:32+00:00\" \/>\n<meta property=\"og:image\" content=\"https:\/\/www.slovklima.sk\/wp-content\/uploads\/2025\/06\/Teplomerna_skala_Refco.jpg\" \/>\n\t<meta property=\"og:image:width\" content=\"800\" \/>\n\t<meta property=\"og:image:height\" content=\"1000\" \/>\n\t<meta property=\"og:image:type\" content=\"image\/jpeg\" \/>\n<meta name=\"twitter:card\" content=\"summary_large_image\" \/>\n<script type=\"application\/ld+json\" class=\"yoast-schema-graph\">{\"@context\":\"https:\/\/schema.org\",\"@graph\":[{\"@type\":\"WebPage\",\"@id\":\"https:\/\/www.slovklima.sk\/hu\/produkt\/teplomerna-skala-pre-manometer-refco\/\",\"url\":\"https:\/\/www.slovklima.sk\/hu\/produkt\/teplomerna-skala-pre-manometer-refco\/\",\"name\":\"Teplomern\u00e1 \u0161k\u00e1la pre manometer Refco | SLOVKLIMA DEIMOS group, s.r.o.\",\"isPartOf\":{\"@id\":\"https:\/\/www.slovklima.sk\/#website\"},\"primaryImageOfPage\":{\"@id\":\"https:\/\/www.slovklima.sk\/hu\/produkt\/teplomerna-skala-pre-manometer-refco\/#primaryimage\"},\"image\":{\"@id\":\"https:\/\/www.slovklima.sk\/hu\/produkt\/teplomerna-skala-pre-manometer-refco\/#primaryimage\"},\"thumbnailUrl\":\"https:\/\/www.slovklima.sk\/wp-content\/uploads\/2025\/06\/Teplomerna_skala_Refco.jpg\",\"datePublished\":\"2025-06-19T11:43:18+00:00\",\"dateModified\":\"2025-07-11T12:02:32+00:00\",\"breadcrumb\":{\"@id\":\"https:\/\/www.slovklima.sk\/hu\/produkt\/teplomerna-skala-pre-manometer-refco\/#breadcrumb\"},\"inLanguage\":\"hu\",\"potentialAction\":[{\"@type\":\"ReadAction\",\"target\":[\"https:\/\/www.slovklima.sk\/hu\/produkt\/teplomerna-skala-pre-manometer-refco\/\"]}]},{\"@type\":\"ImageObject\",\"inLanguage\":\"hu\",\"@id\":\"https:\/\/www.slovklima.sk\/hu\/produkt\/teplomerna-skala-pre-manometer-refco\/#primaryimage\",\"url\":\"https:\/\/www.slovklima.sk\/wp-content\/uploads\/2025\/06\/Teplomerna_skala_Refco.jpg\",\"contentUrl\":\"https:\/\/www.slovklima.sk\/wp-content\/uploads\/2025\/06\/Teplomerna_skala_Refco.jpg\",\"width\":800,\"height\":1000},{\"@type\":\"BreadcrumbList\",\"@id\":\"https:\/\/www.slovklima.sk\/hu\/produkt\/teplomerna-skala-pre-manometer-refco\/#breadcrumb\",\"itemListElement\":[{\"@type\":\"ListItem\",\"position\":1,\"name\":\"Domovsk\u00e1 str\u00e1nka\",\"item\":\"https:\/\/www.slovklima.sk\/hu\/\"},{\"@type\":\"ListItem\",\"position\":2,\"name\":\"Term\u00e9kek\",\"item\":\"https:\/\/www.slovklima.sk\/termekek\/\"},{\"@type\":\"ListItem\",\"position\":3,\"name\":\"Teplomern\u00e1 \u0161k\u00e1la pre manometer Refco\"}]},{\"@type\":\"WebSite\",\"@id\":\"https:\/\/www.slovklima.sk\/#website\",\"url\":\"https:\/\/www.slovklima.sk\/\",\"name\":\"SLOVKLIMA DEIMOS group, s.r.o.\",\"description\":\"\",\"publisher\":{\"@id\":\"https:\/\/www.slovklima.sk\/#organization\"},\"alternateName\":\"SLOVKLIMA\",\"potentialAction\":[{\"@type\":\"SearchAction\",\"target\":{\"@type\":\"EntryPoint\",\"urlTemplate\":\"https:\/\/www.slovklima.sk\/?s={search_term_string}\"},\"query-input\":{\"@type\":\"PropertyValueSpecification\",\"valueRequired\":true,\"valueName\":\"search_term_string\"}}],\"inLanguage\":\"hu\"},{\"@type\":\"Organization\",\"@id\":\"https:\/\/www.slovklima.sk\/#organization\",\"name\":\"SLOVKLIMA DEIMOS group, s.r.o.\",\"alternateName\":\"SLOVKLIMA\",\"url\":\"https:\/\/www.slovklima.sk\/\",\"logo\":{\"@type\":\"ImageObject\",\"inLanguage\":\"hu\",\"@id\":\"https:\/\/www.slovklima.sk\/#\/schema\/logo\/image\/\",\"url\":\"https:\/\/www.slovklima.sk\/wp-content\/uploads\/2022\/12\/slovklima-logo-black.svg\",\"contentUrl\":\"https:\/\/www.slovklima.sk\/wp-content\/uploads\/2022\/12\/slovklima-logo-black.svg\",\"width\":3218,\"height\":698,\"caption\":\"SLOVKLIMA DEIMOS group, s.r.o.\"},\"image\":{\"@id\":\"https:\/\/www.slovklima.sk\/#\/schema\/logo\/image\/\"}}]}<\/script>\n<!-- \/ Yoast SEO plugin. -->","yoast_head_json":{"title":"Teplomern\u00e1 \u0161k\u00e1la pre manometer Refco | SLOVKLIMA DEIMOS group, s.r.o.","robots":{"index":"index","follow":"follow","max-snippet":"max-snippet:-1","max-image-preview":"max-image-preview:large","max-video-preview":"max-video-preview:-1"},"canonical":"https:\/\/www.slovklima.sk\/hu\/produkt\/teplomerna-skala-pre-manometer-refco\/","og_locale":"hu_HU","og_type":"article","og_title":"Teplomern\u00e1 \u0161k\u00e1la pre manometer Refco | SLOVKLIMA DEIMOS group, s.r.o.","og_description":"T\u00e1to n\u00e1hradn\u00e1 \u0161k\u00e1la je ur\u010den\u00e1 pre manometre Refco s priemerom 52 mm. Umo\u017e\u0148uje jednoduch\u00fa v\u00fdmenu pri po\u0161koden\u00ed alebo opotreben\u00ed.","og_url":"https:\/\/www.slovklima.sk\/hu\/produkt\/teplomerna-skala-pre-manometer-refco\/","og_site_name":"SLOVKLIMA DEIMOS group, s.r.o.","article_modified_time":"2025-07-11T12:02:32+00:00","og_image":[{"width":800,"height":1000,"url":"https:\/\/www.slovklima.sk\/wp-content\/uploads\/2025\/06\/Teplomerna_skala_Refco.jpg","type":"image\/jpeg"}],"twitter_card":"summary_large_image","schema":{"@context":"https:\/\/schema.org","@graph":[{"@type":"WebPage","@id":"https:\/\/www.slovklima.sk\/hu\/produkt\/teplomerna-skala-pre-manometer-refco\/","url":"https:\/\/www.slovklima.sk\/hu\/produkt\/teplomerna-skala-pre-manometer-refco\/","name":"Teplomern\u00e1 \u0161k\u00e1la pre manometer Refco | SLOVKLIMA DEIMOS group, s.r.o.","isPartOf":{"@id":"https:\/\/www.slovklima.sk\/#website"},"primaryImageOfPage":{"@id":"https:\/\/www.slovklima.sk\/hu\/produkt\/teplomerna-skala-pre-manometer-refco\/#primaryimage"},"image":{"@id":"https:\/\/www.slovklima.sk\/hu\/produkt\/teplomerna-skala-pre-manometer-refco\/#primaryimage"},"thumbnailUrl":"https:\/\/www.slovklima.sk\/wp-content\/uploads\/2025\/06\/Teplomerna_skala_Refco.jpg","datePublished":"2025-06-19T11:43:18+00:00","dateModified":"2025-07-11T12:02:32+00:00","breadcrumb":{"@id":"https:\/\/www.slovklima.sk\/hu\/produkt\/teplomerna-skala-pre-manometer-refco\/#breadcrumb"},"inLanguage":"hu","potentialAction":[{"@type":"ReadAction","target":["https:\/\/www.slovklima.sk\/hu\/produkt\/teplomerna-skala-pre-manometer-refco\/"]}]},{"@type":"ImageObject","inLanguage":"hu","@id":"https:\/\/www.slovklima.sk\/hu\/produkt\/teplomerna-skala-pre-manometer-refco\/#primaryimage","url":"https:\/\/www.slovklima.sk\/wp-content\/uploads\/2025\/06\/Teplomerna_skala_Refco.jpg","contentUrl":"https:\/\/www.slovklima.sk\/wp-content\/uploads\/2025\/06\/Teplomerna_skala_Refco.jpg","width":800,"height":1000},{"@type":"BreadcrumbList","@id":"https:\/\/www.slovklima.sk\/hu\/produkt\/teplomerna-skala-pre-manometer-refco\/#breadcrumb","itemListElement":[{"@type":"ListItem","position":1,"name":"Domovsk\u00e1 str\u00e1nka","item":"https:\/\/www.slovklima.sk\/hu\/"},{"@type":"ListItem","position":2,"name":"Term\u00e9kek","item":"https:\/\/www.slovklima.sk\/termekek\/"},{"@type":"ListItem","position":3,"name":"Teplomern\u00e1 \u0161k\u00e1la pre manometer Refco"}]},{"@type":"WebSite","@id":"https:\/\/www.slovklima.sk\/#website","url":"https:\/\/www.slovklima.sk\/","name":"SLOVKLIMA DEIMOS group, s.r.o.","description":"","publisher":{"@id":"https:\/\/www.slovklima.sk\/#organization"},"alternateName":"SLOVKLIMA","potentialAction":[{"@type":"SearchAction","target":{"@type":"EntryPoint","urlTemplate":"https:\/\/www.slovklima.sk\/?s={search_term_string}"},"query-input":{"@type":"PropertyValueSpecification","valueRequired":true,"valueName":"search_term_string"}}],"inLanguage":"hu"},{"@type":"Organization","@id":"https:\/\/www.slovklima.sk\/#organization","name":"SLOVKLIMA DEIMOS group, s.r.o.","alternateName":"SLOVKLIMA","url":"https:\/\/www.slovklima.sk\/","logo":{"@type":"ImageObject","inLanguage":"hu","@id":"https:\/\/www.slovklima.sk\/#\/schema\/logo\/image\/","url":"https:\/\/www.slovklima.sk\/wp-content\/uploads\/2022\/12\/slovklima-logo-black.svg","contentUrl":"https:\/\/www.slovklima.sk\/wp-content\/uploads\/2022\/12\/slovklima-logo-black.svg","width":3218,"height":698,"caption":"SLOVKLIMA DEIMOS group, s.r.o."},"image":{"@id":"https:\/\/www.slovklima.sk\/#\/schema\/logo\/image\/"}}]}},"_links":{"self":[{"href":"https:\/\/www.slovklima.sk\/hu\/wp-json\/wp\/v2\/product\/16449","targetHints":{"allow":["GET"]}}],"collection":[{"href":"https:\/\/www.slovklima.sk\/hu\/wp-json\/wp\/v2\/product"}],"about":[{"href":"https:\/\/www.slovklima.sk\/hu\/wp-json\/wp\/v2\/types\/product"}],"wp:featuredmedia":[{"embeddable":true,"href":"https:\/\/www.slovklima.sk\/hu\/wp-json\/wp\/v2\/media\/16407"}],"wp:attachment":[{"href":"https:\/\/www.slovklima.sk\/hu\/wp-json\/wp\/v2\/media?parent=16449"}],"wp:term":[{"taxonomy":"product_brand","embeddable":true,"href":"https:\/\/www.slovklima.sk\/hu\/wp-json\/wp\/v2\/product_brand?post=16449"},{"taxonomy":"product_cat","embeddable":true,"href":"https:\/\/www.slovklima.sk\/hu\/wp-json\/wp\/v2\/product_cat?post=16449"},{"taxonomy":"product_tag","embeddable":true,"href":"https:\/\/www.slovklima.sk\/hu\/wp-json\/wp\/v2\/product_tag?post=16449"}],"curies":[{"name":"wp","href":"https:\/\/api.w.org\/{rel}","templated":true}]}}

Teplomerná škála pre manometer Refco

<p>Táto náhradná škála je určená pre manometre Refco s priemerom 52 mm. Umožňuje jednoduchú výmenu pri poškodení alebo opotrebení.</p>

<!-- This site is optimized with the Yoast SEO plugin v24.3 - https://yoast.com/wordpress/plugins/seo/ -->
<title>Teplomerná škála pre manometer Refco | SLOVKLIMA DEIMOS group, s.r.o.</title>
<meta name="robots" content="index, follow, max-snippet:-1, max-image-preview:large, max-video-preview:-1" />
<link rel="canonical" href="https://www.slovklima.sk/hu/produkt/teplomerna-skala-pre-manometer-refco/" />
<meta property="og:locale" content="hu_HU" />
<meta property="og:type" content="article" />
<meta property="og:title" content="Teplomerná škála pre manometer Refco | SLOVKLIMA DEIMOS group, s.r.o." />
<meta property="og:description" content="Táto náhradná škála je určená pre manometre Refco s priemerom 52 mm. Umožňuje jednoduchú výmenu pri poškodení alebo opotrebení." />
<meta property="og:url" content="https://www.slovklima.sk/hu/produkt/teplomerna-skala-pre-manometer-refco/" />
<meta property="og:site_name" content="SLOVKLIMA DEIMOS group, s.r.o." />
<meta property="article:modified_time" content="2025-07-11T12:02:32+00:00" />
<meta property="og:image" content="https://www.slovklima.sk/wp-content/uploads/2025/06/Teplomerna_skala_Refco.jpg" />
	<meta property="og:image:width" content="800" />
	<meta property="og:image:height" content="1000" />
	<meta property="og:image:type" content="image/jpeg" />
<meta name="twitter:card" content="summary_large_image" />
<script type="application/ld+json" class="yoast-schema-graph">{"@context":"https://schema.org","@graph":[{"@type":"WebPage","@id":"https://www.slovklima.sk/hu/produkt/teplomerna-skala-pre-manometer-refco/","url":"https://www.slovklima.sk/hu/produkt/teplomerna-skala-pre-manometer-refco/","name":"Teplomerná škála pre manometer Refco | SLOVKLIMA DEIMOS group, s.r.o.","isPartOf":{"@id":"https://www.slovklima.sk/#website"},"primaryImageOfPage":{"@id":"https://www.slovklima.sk/hu/produkt/teplomerna-skala-pre-manometer-refco/#primaryimage"},"image":{"@id":"https://www.slovklima.sk/hu/produkt/teplomerna-skala-pre-manometer-refco/#primaryimage"},"thumbnailUrl":"https://www.slovklima.sk/wp-content/uploads/2025/06/Teplomerna_skala_Refco.jpg","datePublished":"2025-06-19T11:43:18+00:00","dateModified":"2025-07-11T12:02:32+00:00","breadcrumb":{"@id":"https://www.slovklima.sk/hu/produkt/teplomerna-skala-pre-manometer-refco/#breadcrumb"},"inLanguage":"hu","potentialAction":[{"@type":"ReadAction","target":["https://www.slovklima.sk/hu/produkt/teplomerna-skala-pre-manometer-refco/"]}]},{"@type":"ImageObject","inLanguage":"hu","@id":"https://www.slovklima.sk/hu/produkt/teplomerna-skala-pre-manometer-refco/#primaryimage","url":"https://www.slovklima.sk/wp-content/uploads/2025/06/Teplomerna_skala_Refco.jpg","contentUrl":"https://www.slovklima.sk/wp-content/uploads/2025/06/Teplomerna_skala_Refco.jpg","width":800,"height":1000},{"@type":"BreadcrumbList","@id":"https://www.slovklima.sk/hu/produkt/teplomerna-skala-pre-manometer-refco/#breadcrumb","itemListElement":[{"@type":"ListItem","position":1,"name":"Domovská stránka","item":"https://www.slovklima.sk/hu/"},{"@type":"ListItem","position":2,"name":"Termékek","item":"https://www.slovklima.sk/termekek/"},{"@type":"ListItem","position":3,"name":"Teplomerná škála pre manometer Refco"}]},{"@type":"WebSite","@id":"https://www.slovklima.sk/#website","url":"https://www.slovklima.sk/","name":"SLOVKLIMA DEIMOS group, s.r.o.","description":"","publisher":{"@id":"https://www.slovklima.sk/#organization"},"alternateName":"SLOVKLIMA","potentialAction":[{"@type":"SearchAction","target":{"@type":"EntryPoint","urlTemplate":"https://www.slovklima.sk/?s={search_term_string}"},"query-input":{"@type":"PropertyValueSpecification","valueRequired":true,"valueName":"search_term_string"}}],"inLanguage":"hu"},{"@type":"Organization","@id":"https://www.slovklima.sk/#organization","name":"SLOVKLIMA DEIMOS group, s.r.o.","alternateName":"SLOVKLIMA","url":"https://www.slovklima.sk/","logo":{"@type":"ImageObject","inLanguage":"hu","@id":"https://www.slovklima.sk/#/schema/logo/image/","url":"https://www.slovklima.sk/wp-content/uploads/2022/12/slovklima-logo-black.svg","contentUrl":"https://www.slovklima.sk/wp-content/uploads/2022/12/slovklima-logo-black.svg","width":3218,"height":698,"caption":"SLOVKLIMA DEIMOS group, s.r.o."},"image":{"@id":"https://www.slovklima.sk/#/schema/logo/image/"}}]}</script>
<!-- / Yoast SEO plugin. -->

Teplomerná škála pre manometer Refco | SLOVKLIMA DEIMOS group, s.r.o.

Táto náhradná škála je určená pre manometre Refco s priemerom 52 mm. Umožňuje jednoduchú výmenu pri poškodení alebo opotrebení.

Domovská stránka

Termékek
