{"id":15903,"date":"2025-06-12T09:43:20","date_gmt":"2025-06-12T07:43:20","guid":{"rendered":"https:\/\/www.slovklima.sk\/?post_type=product&#038;p=15903"},"modified":"2026-04-29T09:27:18","modified_gmt":"2026-04-29T07:27:18","slug":"dehydrator-3-cestny-de-na","status":"publish","type":"product","link":"https:\/\/www.slovklima.sk\/hu\/produkt\/dehydrator-3-cestny-de-na\/","title":{"rendered":"3-utas dehidrat\u00e1l\u00f3 DE.NA"},"content":{"rendered":"","protected":false},"excerpt":{"rendered":"<p>A 3-utas sz\u00e1r\u00edt\u00f3k kifejezetten olyan rendszerekben val\u00f3 haszn\u00e1latra k\u00e9sz\u00fcltek, ahol t\u00f6bb \u00e1gra t\u00f6rt\u00e9n\u0151 eloszt\u00e1sra van sz\u00fcks\u00e9g. K\u00fcl\u00f6nb\u00f6z\u0151 t\u00f6lt\u00e9si kapacit\u00e1sokat k\u00edn\u00e1lnak (15 g-t\u00f3l 50 g-ig) a k\u00fcl\u00f6nb\u00f6z\u0151 h\u0171t\u0151k\u00f6zeg-mennyis\u00e9gek \u00e9s rendszerig\u00e9nyek kiel\u00e9g\u00edt\u00e9s\u00e9re. F\u0151 funkci\u00f3juk a nedvess\u00e9g \u00e9s a szennyez\u0151d\u00e9s felsz\u00edv\u00e1sa, \u00edgy v\u00e9dve a kompresszort \u00e9s m\u00e1s alkatr\u00e9szeket a korr\u00f3zi\u00f3t\u00f3l vagy szennyez\u0151d\u00e9st\u0151l.  <\/p>\n","protected":false},"featured_media":15880,"template":"","meta":[],"product_brand":[],"product_cat":[380,370,513],"product_tag":[],"class_list":{"0":"post-15903","1":"product","2":"type-product","3":"status-publish","4":"has-post-thumbnail","6":"product_cat-hutes-automatizalasa","7":"product_cat-professzionalis-hutes","8":"product_cat-szurok-viztelenitok","10":"first","11":"instock","12":"shipping-taxable","13":"product-type-simple"},"yoast_head":"<!-- This site is optimized with the Yoast SEO plugin v24.3 - https:\/\/yoast.com\/wordpress\/plugins\/seo\/ -->\n<title>3-utas dehidrat\u00e1l\u00f3 DE.NA | SLOVKLIMA DEIMOS group, s.r.o.<\/title>\n<meta name=\"robots\" content=\"index, follow, max-snippet:-1, max-image-preview:large, max-video-preview:-1\" \/>\n<link rel=\"canonical\" href=\"https:\/\/www.slovklima.sk\/hu\/produkt\/dehydrator-3-cestny-de-na\/\" \/>\n<meta property=\"og:locale\" content=\"hu_HU\" \/>\n<meta property=\"og:type\" content=\"article\" \/>\n<meta property=\"og:title\" content=\"3-utas dehidrat\u00e1l\u00f3 DE.NA | SLOVKLIMA DEIMOS group, s.r.o.\" \/>\n<meta property=\"og:description\" content=\"A 3-utas sz\u00e1r\u00edt\u00f3k kifejezetten olyan rendszerekben val\u00f3 haszn\u00e1latra k\u00e9sz\u00fcltek, ahol t\u00f6bb \u00e1gra t\u00f6rt\u00e9n\u0151 eloszt\u00e1sra van sz\u00fcks\u00e9g. K\u00fcl\u00f6nb\u00f6z\u0151 t\u00f6lt\u00e9si kapacit\u00e1sokat k\u00edn\u00e1lnak (15 g-t\u00f3l 50 g-ig) a k\u00fcl\u00f6nb\u00f6z\u0151 h\u0171t\u0151k\u00f6zeg-mennyis\u00e9gek \u00e9s rendszerig\u00e9nyek kiel\u00e9g\u00edt\u00e9s\u00e9re. F\u0151 funkci\u00f3juk a nedvess\u00e9g \u00e9s a szennyez\u0151d\u00e9s felsz\u00edv\u00e1sa, \u00edgy v\u00e9dve a kompresszort \u00e9s m\u00e1s alkatr\u00e9szeket a korr\u00f3zi\u00f3t\u00f3l vagy szennyez\u0151d\u00e9st\u0151l.\" \/>\n<meta property=\"og:url\" content=\"https:\/\/www.slovklima.sk\/hu\/produkt\/dehydrator-3-cestny-de-na\/\" \/>\n<meta property=\"og:site_name\" content=\"SLOVKLIMA DEIMOS group, s.r.o.\" \/>\n<meta property=\"article:modified_time\" content=\"2026-04-29T07:27:18+00:00\" \/>\n<meta property=\"og:image\" content=\"https:\/\/www.slovklima.sk\/wp-content\/uploads\/2025\/06\/Dehydrator_3-cestny_DE.NA_.jpg\" \/>\n\t<meta property=\"og:image:width\" content=\"800\" \/>\n\t<meta property=\"og:image:height\" content=\"1000\" \/>\n\t<meta property=\"og:image:type\" content=\"image\/jpeg\" \/>\n<meta name=\"twitter:card\" content=\"summary_large_image\" \/>\n<script type=\"application\/ld+json\" class=\"yoast-schema-graph\">{\"@context\":\"https:\/\/schema.org\",\"@graph\":[{\"@type\":\"WebPage\",\"@id\":\"https:\/\/www.slovklima.sk\/hu\/produkt\/dehydrator-3-cestny-de-na\/\",\"url\":\"https:\/\/www.slovklima.sk\/hu\/produkt\/dehydrator-3-cestny-de-na\/\",\"name\":\"3-utas dehidrat\u00e1l\u00f3 DE.NA | SLOVKLIMA DEIMOS group, s.r.o.\",\"isPartOf\":{\"@id\":\"https:\/\/www.slovklima.sk\/#website\"},\"primaryImageOfPage\":{\"@id\":\"https:\/\/www.slovklima.sk\/hu\/produkt\/dehydrator-3-cestny-de-na\/#primaryimage\"},\"image\":{\"@id\":\"https:\/\/www.slovklima.sk\/hu\/produkt\/dehydrator-3-cestny-de-na\/#primaryimage\"},\"thumbnailUrl\":\"https:\/\/www.slovklima.sk\/wp-content\/uploads\/2025\/06\/Dehydrator_3-cestny_DE.NA_.jpg\",\"datePublished\":\"2025-06-12T07:43:20+00:00\",\"dateModified\":\"2026-04-29T07:27:18+00:00\",\"breadcrumb\":{\"@id\":\"https:\/\/www.slovklima.sk\/hu\/produkt\/dehydrator-3-cestny-de-na\/#breadcrumb\"},\"inLanguage\":\"hu\",\"potentialAction\":[{\"@type\":\"ReadAction\",\"target\":[\"https:\/\/www.slovklima.sk\/hu\/produkt\/dehydrator-3-cestny-de-na\/\"]}]},{\"@type\":\"ImageObject\",\"inLanguage\":\"hu\",\"@id\":\"https:\/\/www.slovklima.sk\/hu\/produkt\/dehydrator-3-cestny-de-na\/#primaryimage\",\"url\":\"https:\/\/www.slovklima.sk\/wp-content\/uploads\/2025\/06\/Dehydrator_3-cestny_DE.NA_.jpg\",\"contentUrl\":\"https:\/\/www.slovklima.sk\/wp-content\/uploads\/2025\/06\/Dehydrator_3-cestny_DE.NA_.jpg\",\"width\":800,\"height\":1000},{\"@type\":\"BreadcrumbList\",\"@id\":\"https:\/\/www.slovklima.sk\/hu\/produkt\/dehydrator-3-cestny-de-na\/#breadcrumb\",\"itemListElement\":[{\"@type\":\"ListItem\",\"position\":1,\"name\":\"Domovsk\u00e1 str\u00e1nka\",\"item\":\"https:\/\/www.slovklima.sk\/hu\/\"},{\"@type\":\"ListItem\",\"position\":2,\"name\":\"Term\u00e9kek\",\"item\":\"https:\/\/www.slovklima.sk\/termekek\/\"},{\"@type\":\"ListItem\",\"position\":3,\"name\":\"3-utas dehidrat\u00e1l\u00f3 DE.NA\"}]},{\"@type\":\"WebSite\",\"@id\":\"https:\/\/www.slovklima.sk\/#website\",\"url\":\"https:\/\/www.slovklima.sk\/\",\"name\":\"SLOVKLIMA DEIMOS group, s.r.o.\",\"description\":\"\",\"publisher\":{\"@id\":\"https:\/\/www.slovklima.sk\/#organization\"},\"alternateName\":\"SLOVKLIMA\",\"potentialAction\":[{\"@type\":\"SearchAction\",\"target\":{\"@type\":\"EntryPoint\",\"urlTemplate\":\"https:\/\/www.slovklima.sk\/?s={search_term_string}\"},\"query-input\":{\"@type\":\"PropertyValueSpecification\",\"valueRequired\":true,\"valueName\":\"search_term_string\"}}],\"inLanguage\":\"hu\"},{\"@type\":\"Organization\",\"@id\":\"https:\/\/www.slovklima.sk\/#organization\",\"name\":\"SLOVKLIMA DEIMOS group, s.r.o.\",\"alternateName\":\"SLOVKLIMA\",\"url\":\"https:\/\/www.slovklima.sk\/\",\"logo\":{\"@type\":\"ImageObject\",\"inLanguage\":\"hu\",\"@id\":\"https:\/\/www.slovklima.sk\/#\/schema\/logo\/image\/\",\"url\":\"https:\/\/www.slovklima.sk\/wp-content\/uploads\/2022\/12\/slovklima-logo-black.svg\",\"contentUrl\":\"https:\/\/www.slovklima.sk\/wp-content\/uploads\/2022\/12\/slovklima-logo-black.svg\",\"width\":3218,\"height\":698,\"caption\":\"SLOVKLIMA DEIMOS group, s.r.o.\"},\"image\":{\"@id\":\"https:\/\/www.slovklima.sk\/#\/schema\/logo\/image\/\"}}]}<\/script>\n<!-- \/ Yoast SEO plugin. -->","yoast_head_json":{"title":"3-utas dehidrat\u00e1l\u00f3 DE.NA | SLOVKLIMA DEIMOS group, s.r.o.","robots":{"index":"index","follow":"follow","max-snippet":"max-snippet:-1","max-image-preview":"max-image-preview:large","max-video-preview":"max-video-preview:-1"},"canonical":"https:\/\/www.slovklima.sk\/hu\/produkt\/dehydrator-3-cestny-de-na\/","og_locale":"hu_HU","og_type":"article","og_title":"3-utas dehidrat\u00e1l\u00f3 DE.NA | SLOVKLIMA DEIMOS group, s.r.o.","og_description":"A 3-utas sz\u00e1r\u00edt\u00f3k kifejezetten olyan rendszerekben val\u00f3 haszn\u00e1latra k\u00e9sz\u00fcltek, ahol t\u00f6bb \u00e1gra t\u00f6rt\u00e9n\u0151 eloszt\u00e1sra van sz\u00fcks\u00e9g. K\u00fcl\u00f6nb\u00f6z\u0151 t\u00f6lt\u00e9si kapacit\u00e1sokat k\u00edn\u00e1lnak (15 g-t\u00f3l 50 g-ig) a k\u00fcl\u00f6nb\u00f6z\u0151 h\u0171t\u0151k\u00f6zeg-mennyis\u00e9gek \u00e9s rendszerig\u00e9nyek kiel\u00e9g\u00edt\u00e9s\u00e9re. F\u0151 funkci\u00f3juk a nedvess\u00e9g \u00e9s a szennyez\u0151d\u00e9s felsz\u00edv\u00e1sa, \u00edgy v\u00e9dve a kompresszort \u00e9s m\u00e1s alkatr\u00e9szeket a korr\u00f3zi\u00f3t\u00f3l vagy szennyez\u0151d\u00e9st\u0151l.","og_url":"https:\/\/www.slovklima.sk\/hu\/produkt\/dehydrator-3-cestny-de-na\/","og_site_name":"SLOVKLIMA DEIMOS group, s.r.o.","article_modified_time":"2026-04-29T07:27:18+00:00","og_image":[{"width":800,"height":1000,"url":"https:\/\/www.slovklima.sk\/wp-content\/uploads\/2025\/06\/Dehydrator_3-cestny_DE.NA_.jpg","type":"image\/jpeg"}],"twitter_card":"summary_large_image","schema":{"@context":"https:\/\/schema.org","@graph":[{"@type":"WebPage","@id":"https:\/\/www.slovklima.sk\/hu\/produkt\/dehydrator-3-cestny-de-na\/","url":"https:\/\/www.slovklima.sk\/hu\/produkt\/dehydrator-3-cestny-de-na\/","name":"3-utas dehidrat\u00e1l\u00f3 DE.NA | SLOVKLIMA DEIMOS group, s.r.o.","isPartOf":{"@id":"https:\/\/www.slovklima.sk\/#website"},"primaryImageOfPage":{"@id":"https:\/\/www.slovklima.sk\/hu\/produkt\/dehydrator-3-cestny-de-na\/#primaryimage"},"image":{"@id":"https:\/\/www.slovklima.sk\/hu\/produkt\/dehydrator-3-cestny-de-na\/#primaryimage"},"thumbnailUrl":"https:\/\/www.slovklima.sk\/wp-content\/uploads\/2025\/06\/Dehydrator_3-cestny_DE.NA_.jpg","datePublished":"2025-06-12T07:43:20+00:00","dateModified":"2026-04-29T07:27:18+00:00","breadcrumb":{"@id":"https:\/\/www.slovklima.sk\/hu\/produkt\/dehydrator-3-cestny-de-na\/#breadcrumb"},"inLanguage":"hu","potentialAction":[{"@type":"ReadAction","target":["https:\/\/www.slovklima.sk\/hu\/produkt\/dehydrator-3-cestny-de-na\/"]}]},{"@type":"ImageObject","inLanguage":"hu","@id":"https:\/\/www.slovklima.sk\/hu\/produkt\/dehydrator-3-cestny-de-na\/#primaryimage","url":"https:\/\/www.slovklima.sk\/wp-content\/uploads\/2025\/06\/Dehydrator_3-cestny_DE.NA_.jpg","contentUrl":"https:\/\/www.slovklima.sk\/wp-content\/uploads\/2025\/06\/Dehydrator_3-cestny_DE.NA_.jpg","width":800,"height":1000},{"@type":"BreadcrumbList","@id":"https:\/\/www.slovklima.sk\/hu\/produkt\/dehydrator-3-cestny-de-na\/#breadcrumb","itemListElement":[{"@type":"ListItem","position":1,"name":"Domovsk\u00e1 str\u00e1nka","item":"https:\/\/www.slovklima.sk\/hu\/"},{"@type":"ListItem","position":2,"name":"Term\u00e9kek","item":"https:\/\/www.slovklima.sk\/termekek\/"},{"@type":"ListItem","position":3,"name":"3-utas dehidrat\u00e1l\u00f3 DE.NA"}]},{"@type":"WebSite","@id":"https:\/\/www.slovklima.sk\/#website","url":"https:\/\/www.slovklima.sk\/","name":"SLOVKLIMA DEIMOS group, s.r.o.","description":"","publisher":{"@id":"https:\/\/www.slovklima.sk\/#organization"},"alternateName":"SLOVKLIMA","potentialAction":[{"@type":"SearchAction","target":{"@type":"EntryPoint","urlTemplate":"https:\/\/www.slovklima.sk\/?s={search_term_string}"},"query-input":{"@type":"PropertyValueSpecification","valueRequired":true,"valueName":"search_term_string"}}],"inLanguage":"hu"},{"@type":"Organization","@id":"https:\/\/www.slovklima.sk\/#organization","name":"SLOVKLIMA DEIMOS group, s.r.o.","alternateName":"SLOVKLIMA","url":"https:\/\/www.slovklima.sk\/","logo":{"@type":"ImageObject","inLanguage":"hu","@id":"https:\/\/www.slovklima.sk\/#\/schema\/logo\/image\/","url":"https:\/\/www.slovklima.sk\/wp-content\/uploads\/2022\/12\/slovklima-logo-black.svg","contentUrl":"https:\/\/www.slovklima.sk\/wp-content\/uploads\/2022\/12\/slovklima-logo-black.svg","width":3218,"height":698,"caption":"SLOVKLIMA DEIMOS group, s.r.o."},"image":{"@id":"https:\/\/www.slovklima.sk\/#\/schema\/logo\/image\/"}}]}},"_links":{"self":[{"href":"https:\/\/www.slovklima.sk\/hu\/wp-json\/wp\/v2\/product\/15903","targetHints":{"allow":["GET"]}}],"collection":[{"href":"https:\/\/www.slovklima.sk\/hu\/wp-json\/wp\/v2\/product"}],"about":[{"href":"https:\/\/www.slovklima.sk\/hu\/wp-json\/wp\/v2\/types\/product"}],"wp:featuredmedia":[{"embeddable":true,"href":"https:\/\/www.slovklima.sk\/hu\/wp-json\/wp\/v2\/media\/15880"}],"wp:attachment":[{"href":"https:\/\/www.slovklima.sk\/hu\/wp-json\/wp\/v2\/media?parent=15903"}],"wp:term":[{"taxonomy":"product_brand","embeddable":true,"href":"https:\/\/www.slovklima.sk\/hu\/wp-json\/wp\/v2\/product_brand?post=15903"},{"taxonomy":"product_cat","embeddable":true,"href":"https:\/\/www.slovklima.sk\/hu\/wp-json\/wp\/v2\/product_cat?post=15903"},{"taxonomy":"product_tag","embeddable":true,"href":"https:\/\/www.slovklima.sk\/hu\/wp-json\/wp\/v2\/product_tag?post=15903"}],"curies":[{"name":"wp","href":"https:\/\/api.w.org\/{rel}","templated":true}]}}

3-utas dehidratáló DE.NA

<p>A 3-utas szárítók kifejezetten olyan rendszerekben való használatra készültek, ahol több ágra történő elosztásra van szükség. Különböző töltési kapacitásokat kínálnak (15 g-tól 50 g-ig) a különböző hűtőközeg-mennyiségek és rendszerigények kielégítésére. Fő funkciójuk a nedvesség és a szennyeződés felszívása, így védve a kompresszort és más alkatrészeket a korróziótól vagy szennyeződéstől.  </p>

<!-- This site is optimized with the Yoast SEO plugin v24.3 - https://yoast.com/wordpress/plugins/seo/ -->
<title>3-utas dehidratáló DE.NA | SLOVKLIMA DEIMOS group, s.r.o.</title>
<meta name="robots" content="index, follow, max-snippet:-1, max-image-preview:large, max-video-preview:-1" />
<link rel="canonical" href="https://www.slovklima.sk/hu/produkt/dehydrator-3-cestny-de-na/" />
<meta property="og:locale" content="hu_HU" />
<meta property="og:type" content="article" />
<meta property="og:title" content="3-utas dehidratáló DE.NA | SLOVKLIMA DEIMOS group, s.r.o." />
<meta property="og:description" content="A 3-utas szárítók kifejezetten olyan rendszerekben való használatra készültek, ahol több ágra történő elosztásra van szükség. Különböző töltési kapacitásokat kínálnak (15 g-tól 50 g-ig) a különböző hűtőközeg-mennyiségek és rendszerigények kielégítésére. Fő funkciójuk a nedvesség és a szennyeződés felszívása, így védve a kompresszort és más alkatrészeket a korróziótól vagy szennyeződéstől." />
<meta property="og:url" content="https://www.slovklima.sk/hu/produkt/dehydrator-3-cestny-de-na/" />
<meta property="og:site_name" content="SLOVKLIMA DEIMOS group, s.r.o." />
<meta property="article:modified_time" content="2026-04-29T07:27:18+00:00" />
<meta property="og:image" content="https://www.slovklima.sk/wp-content/uploads/2025/06/Dehydrator_3-cestny_DE.NA_.jpg" />
	<meta property="og:image:width" content="800" />
	<meta property="og:image:height" content="1000" />
	<meta property="og:image:type" content="image/jpeg" />
<meta name="twitter:card" content="summary_large_image" />
<script type="application/ld+json" class="yoast-schema-graph">{"@context":"https://schema.org","@graph":[{"@type":"WebPage","@id":"https://www.slovklima.sk/hu/produkt/dehydrator-3-cestny-de-na/","url":"https://www.slovklima.sk/hu/produkt/dehydrator-3-cestny-de-na/","name":"3-utas dehidratáló DE.NA | SLOVKLIMA DEIMOS group, s.r.o.","isPartOf":{"@id":"https://www.slovklima.sk/#website"},"primaryImageOfPage":{"@id":"https://www.slovklima.sk/hu/produkt/dehydrator-3-cestny-de-na/#primaryimage"},"image":{"@id":"https://www.slovklima.sk/hu/produkt/dehydrator-3-cestny-de-na/#primaryimage"},"thumbnailUrl":"https://www.slovklima.sk/wp-content/uploads/2025/06/Dehydrator_3-cestny_DE.NA_.jpg","datePublished":"2025-06-12T07:43:20+00:00","dateModified":"2026-04-29T07:27:18+00:00","breadcrumb":{"@id":"https://www.slovklima.sk/hu/produkt/dehydrator-3-cestny-de-na/#breadcrumb"},"inLanguage":"hu","potentialAction":[{"@type":"ReadAction","target":["https://www.slovklima.sk/hu/produkt/dehydrator-3-cestny-de-na/"]}]},{"@type":"ImageObject","inLanguage":"hu","@id":"https://www.slovklima.sk/hu/produkt/dehydrator-3-cestny-de-na/#primaryimage","url":"https://www.slovklima.sk/wp-content/uploads/2025/06/Dehydrator_3-cestny_DE.NA_.jpg","contentUrl":"https://www.slovklima.sk/wp-content/uploads/2025/06/Dehydrator_3-cestny_DE.NA_.jpg","width":800,"height":1000},{"@type":"BreadcrumbList","@id":"https://www.slovklima.sk/hu/produkt/dehydrator-3-cestny-de-na/#breadcrumb","itemListElement":[{"@type":"ListItem","position":1,"name":"Domovská stránka","item":"https://www.slovklima.sk/hu/"},{"@type":"ListItem","position":2,"name":"Termékek","item":"https://www.slovklima.sk/termekek/"},{"@type":"ListItem","position":3,"name":"3-utas dehidratáló DE.NA"}]},{"@type":"WebSite","@id":"https://www.slovklima.sk/#website","url":"https://www.slovklima.sk/","name":"SLOVKLIMA DEIMOS group, s.r.o.","description":"","publisher":{"@id":"https://www.slovklima.sk/#organization"},"alternateName":"SLOVKLIMA","potentialAction":[{"@type":"SearchAction","target":{"@type":"EntryPoint","urlTemplate":"https://www.slovklima.sk/?s={search_term_string}"},"query-input":{"@type":"PropertyValueSpecification","valueRequired":true,"valueName":"search_term_string"}}],"inLanguage":"hu"},{"@type":"Organization","@id":"https://www.slovklima.sk/#organization","name":"SLOVKLIMA DEIMOS group, s.r.o.","alternateName":"SLOVKLIMA","url":"https://www.slovklima.sk/","logo":{"@type":"ImageObject","inLanguage":"hu","@id":"https://www.slovklima.sk/#/schema/logo/image/","url":"https://www.slovklima.sk/wp-content/uploads/2022/12/slovklima-logo-black.svg","contentUrl":"https://www.slovklima.sk/wp-content/uploads/2022/12/slovklima-logo-black.svg","width":3218,"height":698,"caption":"SLOVKLIMA DEIMOS group, s.r.o."},"image":{"@id":"https://www.slovklima.sk/#/schema/logo/image/"}}]}</script>
<!-- / Yoast SEO plugin. -->

3-utas dehidratáló DE.NA | SLOVKLIMA DEIMOS group, s.r.o.

A 3-utas szárítók kifejezetten olyan rendszerekben való használatra készültek, ahol több ágra történő elosztásra van szükség. Különböző töltési kapacitásokat kínálnak (15 g-tól 50 g-ig) a különböző hűtőközeg-mennyiségek és rendszerigények kielégítésére. Fő funkciójuk a nedvesség és a szennyeződés felszívása, így védve a kompresszort és más alkatrészeket a korróziótól vagy szennyeződéstől.

Domovská stránka

Termékek
