{"id":15476,"date":"2025-06-05T09:15:32","date_gmt":"2025-06-05T07:15:32","guid":{"rendered":"https:\/\/www.slovklima.sk\/?post_type=product&#038;p=15476"},"modified":"2026-04-29T09:39:38","modified_gmt":"2026-04-29T07:39:38","slug":"spojka-redukcna-castel","status":"publish","type":"product","link":"https:\/\/www.slovklima.sk\/hu\/produkt\/spojka-redukcna-castel\/","title":{"rendered":"Castel redukci\u00f3s tengelykapcsol\u00f3"},"content":{"rendered":"","protected":false},"excerpt":{"rendered":"<p>A Castel a reduktorcsatlakoz\u00f3kat \u00fagy gy\u00e1rtja, hogy megb\u00edzhat\u00f3an \u00f6sszekapcsolja a k\u00fcl\u00f6nb\u00f6z\u0151 menetm\u00e9ret\u0171 alkatr\u00e9szeket, lehet\u0151v\u00e9 t\u00e9ve a cs\u0151rendszerek \u00f6sszeszerel\u00e9s\u00e9nek \u00e9s m\u00f3dos\u00edt\u00e1s\u00e1nak k\u00e9z\u00fcgyess\u00e9g\u00e9t. K\u00fcl\u00f6nb\u00f6z\u0151 konfigur\u00e1ci\u00f3kban \u00e1llnak rendelkez\u00e9sre, nevezetesen SAE vagy NPT kivitelben. Az M\/F jel\u00f6l\u00e9s \u00e1ltal\u00e1ban h\u00edm\/n\u0151i csatlakoz\u00f3t jelent, de ebben az \u00f6sszef\u00fcgg\u00e9sben ez egy olyan csatlakoz\u00e1st\u00edpus, ahol az &#8222;M&#8221; a h\u00edmvessz\u0151s menetes alkatr\u00e9szt, az &#8222;F&#8221; pedig a bels\u0151 menetes alkatr\u00e9szt jel\u00f6li.  <\/p>\n","protected":false},"featured_media":15473,"template":"","meta":[],"product_brand":[],"product_cat":[387,370,411],"product_tag":[],"class_list":{"0":"post-15476","1":"product","2":"type-product","3":"status-publish","4":"has-post-thumbnail","6":"product_cat-hutokozeg-elosztasa","7":"product_cat-professzionalis-hutes","8":"product_cat-rez-szerelvenyek","10":"first","11":"instock","12":"shipping-taxable","13":"product-type-simple"},"yoast_head":"<!-- This site is optimized with the Yoast SEO plugin v24.3 - https:\/\/yoast.com\/wordpress\/plugins\/seo\/ -->\n<title>Castel redukci\u00f3s tengelykapcsol\u00f3 | SLOVKLIMA DEIMOS group, s.r.o.<\/title>\n<meta name=\"robots\" content=\"index, follow, max-snippet:-1, max-image-preview:large, max-video-preview:-1\" \/>\n<link rel=\"canonical\" href=\"https:\/\/www.slovklima.sk\/hu\/produkt\/spojka-redukcna-castel\/\" \/>\n<meta property=\"og:locale\" content=\"hu_HU\" \/>\n<meta property=\"og:type\" content=\"article\" \/>\n<meta property=\"og:title\" content=\"Castel redukci\u00f3s tengelykapcsol\u00f3 | SLOVKLIMA DEIMOS group, s.r.o.\" \/>\n<meta property=\"og:description\" content=\"A Castel a reduktorcsatlakoz\u00f3kat \u00fagy gy\u00e1rtja, hogy megb\u00edzhat\u00f3an \u00f6sszekapcsolja a k\u00fcl\u00f6nb\u00f6z\u0151 menetm\u00e9ret\u0171 alkatr\u00e9szeket, lehet\u0151v\u00e9 t\u00e9ve a cs\u0151rendszerek \u00f6sszeszerel\u00e9s\u00e9nek \u00e9s m\u00f3dos\u00edt\u00e1s\u00e1nak k\u00e9z\u00fcgyess\u00e9g\u00e9t. K\u00fcl\u00f6nb\u00f6z\u0151 konfigur\u00e1ci\u00f3kban \u00e1llnak rendelkez\u00e9sre, nevezetesen SAE vagy NPT kivitelben. Az M\/F jel\u00f6l\u00e9s \u00e1ltal\u00e1ban h\u00edm\/n\u0151i csatlakoz\u00f3t jelent, de ebben az \u00f6sszef\u00fcgg\u00e9sben ez egy olyan csatlakoz\u00e1st\u00edpus, ahol az &quot;M&quot; a h\u00edmvessz\u0151s menetes alkatr\u00e9szt, az &quot;F&quot; pedig a bels\u0151 menetes alkatr\u00e9szt jel\u00f6li.\" \/>\n<meta property=\"og:url\" content=\"https:\/\/www.slovklima.sk\/hu\/produkt\/spojka-redukcna-castel\/\" \/>\n<meta property=\"og:site_name\" content=\"SLOVKLIMA DEIMOS group, s.r.o.\" \/>\n<meta property=\"article:modified_time\" content=\"2026-04-29T07:39:38+00:00\" \/>\n<meta property=\"og:image\" content=\"https:\/\/www.slovklima.sk\/wp-content\/uploads\/2025\/06\/Spojka_redukcna_Castel_7150.jpg\" \/>\n\t<meta property=\"og:image:width\" content=\"800\" \/>\n\t<meta property=\"og:image:height\" content=\"1000\" \/>\n\t<meta property=\"og:image:type\" content=\"image\/jpeg\" \/>\n<meta name=\"twitter:card\" content=\"summary_large_image\" \/>\n<script type=\"application\/ld+json\" class=\"yoast-schema-graph\">{\"@context\":\"https:\/\/schema.org\",\"@graph\":[{\"@type\":\"WebPage\",\"@id\":\"https:\/\/www.slovklima.sk\/hu\/produkt\/spojka-redukcna-castel\/\",\"url\":\"https:\/\/www.slovklima.sk\/hu\/produkt\/spojka-redukcna-castel\/\",\"name\":\"Castel redukci\u00f3s tengelykapcsol\u00f3 | SLOVKLIMA DEIMOS group, s.r.o.\",\"isPartOf\":{\"@id\":\"https:\/\/www.slovklima.sk\/#website\"},\"primaryImageOfPage\":{\"@id\":\"https:\/\/www.slovklima.sk\/hu\/produkt\/spojka-redukcna-castel\/#primaryimage\"},\"image\":{\"@id\":\"https:\/\/www.slovklima.sk\/hu\/produkt\/spojka-redukcna-castel\/#primaryimage\"},\"thumbnailUrl\":\"https:\/\/www.slovklima.sk\/wp-content\/uploads\/2025\/06\/Spojka_redukcna_Castel_7150.jpg\",\"datePublished\":\"2025-06-05T07:15:32+00:00\",\"dateModified\":\"2026-04-29T07:39:38+00:00\",\"breadcrumb\":{\"@id\":\"https:\/\/www.slovklima.sk\/hu\/produkt\/spojka-redukcna-castel\/#breadcrumb\"},\"inLanguage\":\"hu\",\"potentialAction\":[{\"@type\":\"ReadAction\",\"target\":[\"https:\/\/www.slovklima.sk\/hu\/produkt\/spojka-redukcna-castel\/\"]}]},{\"@type\":\"ImageObject\",\"inLanguage\":\"hu\",\"@id\":\"https:\/\/www.slovklima.sk\/hu\/produkt\/spojka-redukcna-castel\/#primaryimage\",\"url\":\"https:\/\/www.slovklima.sk\/wp-content\/uploads\/2025\/06\/Spojka_redukcna_Castel_7150.jpg\",\"contentUrl\":\"https:\/\/www.slovklima.sk\/wp-content\/uploads\/2025\/06\/Spojka_redukcna_Castel_7150.jpg\",\"width\":800,\"height\":1000},{\"@type\":\"BreadcrumbList\",\"@id\":\"https:\/\/www.slovklima.sk\/hu\/produkt\/spojka-redukcna-castel\/#breadcrumb\",\"itemListElement\":[{\"@type\":\"ListItem\",\"position\":1,\"name\":\"Domovsk\u00e1 str\u00e1nka\",\"item\":\"https:\/\/www.slovklima.sk\/hu\/\"},{\"@type\":\"ListItem\",\"position\":2,\"name\":\"Term\u00e9kek\",\"item\":\"https:\/\/www.slovklima.sk\/termekek\/\"},{\"@type\":\"ListItem\",\"position\":3,\"name\":\"Castel redukci\u00f3s tengelykapcsol\u00f3\"}]},{\"@type\":\"WebSite\",\"@id\":\"https:\/\/www.slovklima.sk\/#website\",\"url\":\"https:\/\/www.slovklima.sk\/\",\"name\":\"SLOVKLIMA DEIMOS group, s.r.o.\",\"description\":\"\",\"publisher\":{\"@id\":\"https:\/\/www.slovklima.sk\/#organization\"},\"alternateName\":\"SLOVKLIMA\",\"potentialAction\":[{\"@type\":\"SearchAction\",\"target\":{\"@type\":\"EntryPoint\",\"urlTemplate\":\"https:\/\/www.slovklima.sk\/?s={search_term_string}\"},\"query-input\":{\"@type\":\"PropertyValueSpecification\",\"valueRequired\":true,\"valueName\":\"search_term_string\"}}],\"inLanguage\":\"hu\"},{\"@type\":\"Organization\",\"@id\":\"https:\/\/www.slovklima.sk\/#organization\",\"name\":\"SLOVKLIMA DEIMOS group, s.r.o.\",\"alternateName\":\"SLOVKLIMA\",\"url\":\"https:\/\/www.slovklima.sk\/\",\"logo\":{\"@type\":\"ImageObject\",\"inLanguage\":\"hu\",\"@id\":\"https:\/\/www.slovklima.sk\/#\/schema\/logo\/image\/\",\"url\":\"https:\/\/www.slovklima.sk\/wp-content\/uploads\/2022\/12\/slovklima-logo-black.svg\",\"contentUrl\":\"https:\/\/www.slovklima.sk\/wp-content\/uploads\/2022\/12\/slovklima-logo-black.svg\",\"width\":3218,\"height\":698,\"caption\":\"SLOVKLIMA DEIMOS group, s.r.o.\"},\"image\":{\"@id\":\"https:\/\/www.slovklima.sk\/#\/schema\/logo\/image\/\"}}]}<\/script>\n<!-- \/ Yoast SEO plugin. -->","yoast_head_json":{"title":"Castel redukci\u00f3s tengelykapcsol\u00f3 | SLOVKLIMA DEIMOS group, s.r.o.","robots":{"index":"index","follow":"follow","max-snippet":"max-snippet:-1","max-image-preview":"max-image-preview:large","max-video-preview":"max-video-preview:-1"},"canonical":"https:\/\/www.slovklima.sk\/hu\/produkt\/spojka-redukcna-castel\/","og_locale":"hu_HU","og_type":"article","og_title":"Castel redukci\u00f3s tengelykapcsol\u00f3 | SLOVKLIMA DEIMOS group, s.r.o.","og_description":"A Castel a reduktorcsatlakoz\u00f3kat \u00fagy gy\u00e1rtja, hogy megb\u00edzhat\u00f3an \u00f6sszekapcsolja a k\u00fcl\u00f6nb\u00f6z\u0151 menetm\u00e9ret\u0171 alkatr\u00e9szeket, lehet\u0151v\u00e9 t\u00e9ve a cs\u0151rendszerek \u00f6sszeszerel\u00e9s\u00e9nek \u00e9s m\u00f3dos\u00edt\u00e1s\u00e1nak k\u00e9z\u00fcgyess\u00e9g\u00e9t. K\u00fcl\u00f6nb\u00f6z\u0151 konfigur\u00e1ci\u00f3kban \u00e1llnak rendelkez\u00e9sre, nevezetesen SAE vagy NPT kivitelben. Az M\/F jel\u00f6l\u00e9s \u00e1ltal\u00e1ban h\u00edm\/n\u0151i csatlakoz\u00f3t jelent, de ebben az \u00f6sszef\u00fcgg\u00e9sben ez egy olyan csatlakoz\u00e1st\u00edpus, ahol az \"M\" a h\u00edmvessz\u0151s menetes alkatr\u00e9szt, az \"F\" pedig a bels\u0151 menetes alkatr\u00e9szt jel\u00f6li.","og_url":"https:\/\/www.slovklima.sk\/hu\/produkt\/spojka-redukcna-castel\/","og_site_name":"SLOVKLIMA DEIMOS group, s.r.o.","article_modified_time":"2026-04-29T07:39:38+00:00","og_image":[{"width":800,"height":1000,"url":"https:\/\/www.slovklima.sk\/wp-content\/uploads\/2025\/06\/Spojka_redukcna_Castel_7150.jpg","type":"image\/jpeg"}],"twitter_card":"summary_large_image","schema":{"@context":"https:\/\/schema.org","@graph":[{"@type":"WebPage","@id":"https:\/\/www.slovklima.sk\/hu\/produkt\/spojka-redukcna-castel\/","url":"https:\/\/www.slovklima.sk\/hu\/produkt\/spojka-redukcna-castel\/","name":"Castel redukci\u00f3s tengelykapcsol\u00f3 | SLOVKLIMA DEIMOS group, s.r.o.","isPartOf":{"@id":"https:\/\/www.slovklima.sk\/#website"},"primaryImageOfPage":{"@id":"https:\/\/www.slovklima.sk\/hu\/produkt\/spojka-redukcna-castel\/#primaryimage"},"image":{"@id":"https:\/\/www.slovklima.sk\/hu\/produkt\/spojka-redukcna-castel\/#primaryimage"},"thumbnailUrl":"https:\/\/www.slovklima.sk\/wp-content\/uploads\/2025\/06\/Spojka_redukcna_Castel_7150.jpg","datePublished":"2025-06-05T07:15:32+00:00","dateModified":"2026-04-29T07:39:38+00:00","breadcrumb":{"@id":"https:\/\/www.slovklima.sk\/hu\/produkt\/spojka-redukcna-castel\/#breadcrumb"},"inLanguage":"hu","potentialAction":[{"@type":"ReadAction","target":["https:\/\/www.slovklima.sk\/hu\/produkt\/spojka-redukcna-castel\/"]}]},{"@type":"ImageObject","inLanguage":"hu","@id":"https:\/\/www.slovklima.sk\/hu\/produkt\/spojka-redukcna-castel\/#primaryimage","url":"https:\/\/www.slovklima.sk\/wp-content\/uploads\/2025\/06\/Spojka_redukcna_Castel_7150.jpg","contentUrl":"https:\/\/www.slovklima.sk\/wp-content\/uploads\/2025\/06\/Spojka_redukcna_Castel_7150.jpg","width":800,"height":1000},{"@type":"BreadcrumbList","@id":"https:\/\/www.slovklima.sk\/hu\/produkt\/spojka-redukcna-castel\/#breadcrumb","itemListElement":[{"@type":"ListItem","position":1,"name":"Domovsk\u00e1 str\u00e1nka","item":"https:\/\/www.slovklima.sk\/hu\/"},{"@type":"ListItem","position":2,"name":"Term\u00e9kek","item":"https:\/\/www.slovklima.sk\/termekek\/"},{"@type":"ListItem","position":3,"name":"Castel redukci\u00f3s tengelykapcsol\u00f3"}]},{"@type":"WebSite","@id":"https:\/\/www.slovklima.sk\/#website","url":"https:\/\/www.slovklima.sk\/","name":"SLOVKLIMA DEIMOS group, s.r.o.","description":"","publisher":{"@id":"https:\/\/www.slovklima.sk\/#organization"},"alternateName":"SLOVKLIMA","potentialAction":[{"@type":"SearchAction","target":{"@type":"EntryPoint","urlTemplate":"https:\/\/www.slovklima.sk\/?s={search_term_string}"},"query-input":{"@type":"PropertyValueSpecification","valueRequired":true,"valueName":"search_term_string"}}],"inLanguage":"hu"},{"@type":"Organization","@id":"https:\/\/www.slovklima.sk\/#organization","name":"SLOVKLIMA DEIMOS group, s.r.o.","alternateName":"SLOVKLIMA","url":"https:\/\/www.slovklima.sk\/","logo":{"@type":"ImageObject","inLanguage":"hu","@id":"https:\/\/www.slovklima.sk\/#\/schema\/logo\/image\/","url":"https:\/\/www.slovklima.sk\/wp-content\/uploads\/2022\/12\/slovklima-logo-black.svg","contentUrl":"https:\/\/www.slovklima.sk\/wp-content\/uploads\/2022\/12\/slovklima-logo-black.svg","width":3218,"height":698,"caption":"SLOVKLIMA DEIMOS group, s.r.o."},"image":{"@id":"https:\/\/www.slovklima.sk\/#\/schema\/logo\/image\/"}}]}},"_links":{"self":[{"href":"https:\/\/www.slovklima.sk\/hu\/wp-json\/wp\/v2\/product\/15476","targetHints":{"allow":["GET"]}}],"collection":[{"href":"https:\/\/www.slovklima.sk\/hu\/wp-json\/wp\/v2\/product"}],"about":[{"href":"https:\/\/www.slovklima.sk\/hu\/wp-json\/wp\/v2\/types\/product"}],"wp:featuredmedia":[{"embeddable":true,"href":"https:\/\/www.slovklima.sk\/hu\/wp-json\/wp\/v2\/media\/15473"}],"wp:attachment":[{"href":"https:\/\/www.slovklima.sk\/hu\/wp-json\/wp\/v2\/media?parent=15476"}],"wp:term":[{"taxonomy":"product_brand","embeddable":true,"href":"https:\/\/www.slovklima.sk\/hu\/wp-json\/wp\/v2\/product_brand?post=15476"},{"taxonomy":"product_cat","embeddable":true,"href":"https:\/\/www.slovklima.sk\/hu\/wp-json\/wp\/v2\/product_cat?post=15476"},{"taxonomy":"product_tag","embeddable":true,"href":"https:\/\/www.slovklima.sk\/hu\/wp-json\/wp\/v2\/product_tag?post=15476"}],"curies":[{"name":"wp","href":"https:\/\/api.w.org\/{rel}","templated":true}]}}

Castel redukciós tengelykapcsoló

<p>A Castel a reduktorcsatlakozókat úgy gyártja, hogy megbízhatóan összekapcsolja a különböző menetméretű alkatrészeket, lehetővé téve a csőrendszerek összeszerelésének és módosításának kézügyességét. Különböző konfigurációkban állnak rendelkezésre, nevezetesen SAE vagy NPT kivitelben. Az M/F jelölés általában hím/női csatlakozót jelent, de ebben az összefüggésben ez egy olyan csatlakozástípus, ahol az &#8222;M&#8221; a hímvesszős menetes alkatrészt, az &#8222;F&#8221; pedig a belső menetes alkatrészt jelöli.  </p>

<!-- This site is optimized with the Yoast SEO plugin v24.3 - https://yoast.com/wordpress/plugins/seo/ -->
<title>Castel redukciós tengelykapcsoló | SLOVKLIMA DEIMOS group, s.r.o.</title>
<meta name="robots" content="index, follow, max-snippet:-1, max-image-preview:large, max-video-preview:-1" />
<link rel="canonical" href="https://www.slovklima.sk/hu/produkt/spojka-redukcna-castel/" />
<meta property="og:locale" content="hu_HU" />
<meta property="og:type" content="article" />
<meta property="og:title" content="Castel redukciós tengelykapcsoló | SLOVKLIMA DEIMOS group, s.r.o." />
<meta property="og:description" content="A Castel a reduktorcsatlakozókat úgy gyártja, hogy megbízhatóan összekapcsolja a különböző menetméretű alkatrészeket, lehetővé téve a csőrendszerek összeszerelésének és módosításának kézügyességét. Különböző konfigurációkban állnak rendelkezésre, nevezetesen SAE vagy NPT kivitelben. Az M/F jelölés általában hím/női csatlakozót jelent, de ebben az összefüggésben ez egy olyan csatlakozástípus, ahol az &quot;M&quot; a hímvesszős menetes alkatrészt, az &quot;F&quot; pedig a belső menetes alkatrészt jelöli." />
<meta property="og:url" content="https://www.slovklima.sk/hu/produkt/spojka-redukcna-castel/" />
<meta property="og:site_name" content="SLOVKLIMA DEIMOS group, s.r.o." />
<meta property="article:modified_time" content="2026-04-29T07:39:38+00:00" />
<meta property="og:image" content="https://www.slovklima.sk/wp-content/uploads/2025/06/Spojka_redukcna_Castel_7150.jpg" />
	<meta property="og:image:width" content="800" />
	<meta property="og:image:height" content="1000" />
	<meta property="og:image:type" content="image/jpeg" />
<meta name="twitter:card" content="summary_large_image" />
<script type="application/ld+json" class="yoast-schema-graph">{"@context":"https://schema.org","@graph":[{"@type":"WebPage","@id":"https://www.slovklima.sk/hu/produkt/spojka-redukcna-castel/","url":"https://www.slovklima.sk/hu/produkt/spojka-redukcna-castel/","name":"Castel redukciós tengelykapcsoló | SLOVKLIMA DEIMOS group, s.r.o.","isPartOf":{"@id":"https://www.slovklima.sk/#website"},"primaryImageOfPage":{"@id":"https://www.slovklima.sk/hu/produkt/spojka-redukcna-castel/#primaryimage"},"image":{"@id":"https://www.slovklima.sk/hu/produkt/spojka-redukcna-castel/#primaryimage"},"thumbnailUrl":"https://www.slovklima.sk/wp-content/uploads/2025/06/Spojka_redukcna_Castel_7150.jpg","datePublished":"2025-06-05T07:15:32+00:00","dateModified":"2026-04-29T07:39:38+00:00","breadcrumb":{"@id":"https://www.slovklima.sk/hu/produkt/spojka-redukcna-castel/#breadcrumb"},"inLanguage":"hu","potentialAction":[{"@type":"ReadAction","target":["https://www.slovklima.sk/hu/produkt/spojka-redukcna-castel/"]}]},{"@type":"ImageObject","inLanguage":"hu","@id":"https://www.slovklima.sk/hu/produkt/spojka-redukcna-castel/#primaryimage","url":"https://www.slovklima.sk/wp-content/uploads/2025/06/Spojka_redukcna_Castel_7150.jpg","contentUrl":"https://www.slovklima.sk/wp-content/uploads/2025/06/Spojka_redukcna_Castel_7150.jpg","width":800,"height":1000},{"@type":"BreadcrumbList","@id":"https://www.slovklima.sk/hu/produkt/spojka-redukcna-castel/#breadcrumb","itemListElement":[{"@type":"ListItem","position":1,"name":"Domovská stránka","item":"https://www.slovklima.sk/hu/"},{"@type":"ListItem","position":2,"name":"Termékek","item":"https://www.slovklima.sk/termekek/"},{"@type":"ListItem","position":3,"name":"Castel redukciós tengelykapcsoló"}]},{"@type":"WebSite","@id":"https://www.slovklima.sk/#website","url":"https://www.slovklima.sk/","name":"SLOVKLIMA DEIMOS group, s.r.o.","description":"","publisher":{"@id":"https://www.slovklima.sk/#organization"},"alternateName":"SLOVKLIMA","potentialAction":[{"@type":"SearchAction","target":{"@type":"EntryPoint","urlTemplate":"https://www.slovklima.sk/?s={search_term_string}"},"query-input":{"@type":"PropertyValueSpecification","valueRequired":true,"valueName":"search_term_string"}}],"inLanguage":"hu"},{"@type":"Organization","@id":"https://www.slovklima.sk/#organization","name":"SLOVKLIMA DEIMOS group, s.r.o.","alternateName":"SLOVKLIMA","url":"https://www.slovklima.sk/","logo":{"@type":"ImageObject","inLanguage":"hu","@id":"https://www.slovklima.sk/#/schema/logo/image/","url":"https://www.slovklima.sk/wp-content/uploads/2022/12/slovklima-logo-black.svg","contentUrl":"https://www.slovklima.sk/wp-content/uploads/2022/12/slovklima-logo-black.svg","width":3218,"height":698,"caption":"SLOVKLIMA DEIMOS group, s.r.o."},"image":{"@id":"https://www.slovklima.sk/#/schema/logo/image/"}}]}</script>
<!-- / Yoast SEO plugin. -->

Castel redukciós tengelykapcsoló | SLOVKLIMA DEIMOS group, s.r.o.

A Castel a reduktorcsatlakozókat úgy gyártja, hogy megbízhatóan összekapcsolja a különböző menetméretű alkatrészeket, lehetővé téve a csőrendszerek összeszerelésének és módosításának kézügyességét. Különböző konfigurációkban állnak rendelkezésre, nevezetesen SAE vagy NPT kivitelben. Az M/F jelölés általában hím/női csatlakozót jelent, de ebben az összefüggésben ez egy olyan csatlakozástípus, ahol az "M" a hímvesszős menetes alkatrészt, az "F" pedig a belső menetes alkatrészt jelöli.

Domovská stránka

Termékek
