{"id":17182,"date":"2025-07-02T17:34:20","date_gmt":"2025-07-02T15:34:20","guid":{"rendered":"https:\/\/www.slovklima.sk\/?post_type=product&#038;p=17182"},"modified":"2026-03-25T09:32:23","modified_gmt":"2026-03-25T08:32:23","slug":"kompresory-bitzer","status":"publish","type":"product","link":"https:\/\/www.slovklima.sk\/en\/product\/kompresory-bitzer\/","title":{"rendered":"Kompresory Bitzer"},"content":{"rendered":"","protected":false},"excerpt":{"rendered":"<p>Kompresory Bitzer sa pou\u017e\u00edvaj\u00fa v chladiacich a klimatiza\u010dn\u00fdch syst\u00e9moch pre komer\u010dn\u00e9 aj priemyseln\u00e9 \u00fa\u010dely. Piestov\u00e9 modely s\u00fa vhodn\u00e9 pre mraziace boxy, chladiace vitr\u00edny \u010di men\u0161ie klimatiza\u010dn\u00e9 jednotky. Skrutkov\u00e9 kompresory sa vyu\u017e\u00edvaj\u00fa v supermarketoch, logistick\u00fdch centr\u00e1ch a v\u00fdrobn\u00fdch hal\u00e1ch, kde je potrebn\u00fd vysok\u00fd v\u00fdkon a spo\u013eahlivos\u0165. Pre ekologick\u00e9 rie\u0161enia sa pou\u017e\u00edvaj\u00fa CO\u2082 kompresory Bitzer, najm\u00e4 v modern\u00fdch syst\u00e9moch s n\u00edzkym dopadom na \u017eivotn\u00e9 prostredie.<\/p>\n<p><strong>Pou\u017eitie:<\/strong> Mraziarne, chladiace boxy, vitr\u00edny, supermarketov\u00e9 syst\u00e9my, priemyseln\u00e9 chladenie, centr\u00e1lnu klimatiz\u00e1ciu a ekologick\u00e9 CO\u2082 aplik\u00e1cie<\/p>\n","protected":false},"featured_media":17131,"template":"","meta":[],"product_brand":[],"product_cat":[221,228,229,227],"product_tag":[],"class_list":{"0":"post-17182","1":"product","2":"type-product","3":"status-publish","4":"has-post-thumbnail","6":"product_cat-air-conditioning","7":"product_cat-compressors","8":"product_cat-hermetic-piston-compressors","9":"product_cat-professional-cooling","11":"first","12":"instock","13":"shipping-taxable","14":"product-type-simple"},"yoast_head":"<!-- This site is optimized with the Yoast SEO plugin v24.3 - https:\/\/yoast.com\/wordpress\/plugins\/seo\/ -->\n<title>Kompresory Bitzer | SLOVKLIMA DEIMOS group, s.r.o.<\/title>\n<meta name=\"robots\" content=\"index, follow, max-snippet:-1, max-image-preview:large, max-video-preview:-1\" \/>\n<link rel=\"canonical\" href=\"https:\/\/www.slovklima.sk\/en\/product\/kompresory-bitzer\/\" \/>\n<meta property=\"og:locale\" content=\"en_US\" \/>\n<meta property=\"og:type\" content=\"article\" \/>\n<meta property=\"og:title\" content=\"Kompresory Bitzer | SLOVKLIMA DEIMOS group, s.r.o.\" \/>\n<meta property=\"og:description\" content=\"Kompresory Bitzer sa pou\u017e\u00edvaj\u00fa v chladiacich a klimatiza\u010dn\u00fdch syst\u00e9moch pre komer\u010dn\u00e9 aj priemyseln\u00e9 \u00fa\u010dely. Piestov\u00e9 modely s\u00fa vhodn\u00e9 pre mraziace boxy, chladiace vitr\u00edny \u010di men\u0161ie klimatiza\u010dn\u00e9 jednotky. Skrutkov\u00e9 kompresory sa vyu\u017e\u00edvaj\u00fa v supermarketoch, logistick\u00fdch centr\u00e1ch a v\u00fdrobn\u00fdch hal\u00e1ch, kde je potrebn\u00fd vysok\u00fd v\u00fdkon a spo\u013eahlivos\u0165. Pre ekologick\u00e9 rie\u0161enia sa pou\u017e\u00edvaj\u00fa CO\u2082 kompresory Bitzer, najm\u00e4 v modern\u00fdch syst\u00e9moch s n\u00edzkym dopadom na \u017eivotn\u00e9 prostredie.  Pou\u017eitie: Mraziarne, chladiace boxy, vitr\u00edny, supermarketov\u00e9 syst\u00e9my, priemyseln\u00e9 chladenie, centr\u00e1lnu klimatiz\u00e1ciu a ekologick\u00e9 CO\u2082 aplik\u00e1cie\" \/>\n<meta property=\"og:url\" content=\"https:\/\/www.slovklima.sk\/en\/product\/kompresory-bitzer\/\" \/>\n<meta property=\"og:site_name\" content=\"SLOVKLIMA DEIMOS group, s.r.o.\" \/>\n<meta property=\"article:modified_time\" content=\"2026-03-25T08:32:23+00:00\" \/>\n<meta property=\"og:image\" content=\"https:\/\/www.slovklima.sk\/wp-content\/uploads\/2025\/07\/Kompresor_Bitzer.jpg\" \/>\n\t<meta property=\"og:image:width\" content=\"800\" \/>\n\t<meta property=\"og:image:height\" content=\"1000\" \/>\n\t<meta property=\"og:image:type\" content=\"image\/jpeg\" \/>\n<meta name=\"twitter:card\" content=\"summary_large_image\" \/>\n<meta name=\"twitter:label1\" content=\"Est. reading time\" \/>\n\t<meta name=\"twitter:data1\" content=\"1 minute\" \/>\n<script type=\"application\/ld+json\" class=\"yoast-schema-graph\">{\"@context\":\"https:\/\/schema.org\",\"@graph\":[{\"@type\":\"WebPage\",\"@id\":\"https:\/\/www.slovklima.sk\/en\/product\/kompresory-bitzer\/\",\"url\":\"https:\/\/www.slovklima.sk\/en\/product\/kompresory-bitzer\/\",\"name\":\"Kompresory Bitzer | SLOVKLIMA DEIMOS group, s.r.o.\",\"isPartOf\":{\"@id\":\"https:\/\/www.slovklima.sk\/#website\"},\"primaryImageOfPage\":{\"@id\":\"https:\/\/www.slovklima.sk\/en\/product\/kompresory-bitzer\/#primaryimage\"},\"image\":{\"@id\":\"https:\/\/www.slovklima.sk\/en\/product\/kompresory-bitzer\/#primaryimage\"},\"thumbnailUrl\":\"https:\/\/www.slovklima.sk\/wp-content\/uploads\/2025\/07\/Kompresor_Bitzer.jpg\",\"datePublished\":\"2025-07-02T15:34:20+00:00\",\"dateModified\":\"2026-03-25T08:32:23+00:00\",\"breadcrumb\":{\"@id\":\"https:\/\/www.slovklima.sk\/en\/product\/kompresory-bitzer\/#breadcrumb\"},\"inLanguage\":\"en-US\",\"potentialAction\":[{\"@type\":\"ReadAction\",\"target\":[\"https:\/\/www.slovklima.sk\/en\/product\/kompresory-bitzer\/\"]}]},{\"@type\":\"ImageObject\",\"inLanguage\":\"en-US\",\"@id\":\"https:\/\/www.slovklima.sk\/en\/product\/kompresory-bitzer\/#primaryimage\",\"url\":\"https:\/\/www.slovklima.sk\/wp-content\/uploads\/2025\/07\/Kompresor_Bitzer.jpg\",\"contentUrl\":\"https:\/\/www.slovklima.sk\/wp-content\/uploads\/2025\/07\/Kompresor_Bitzer.jpg\",\"width\":800,\"height\":1000},{\"@type\":\"BreadcrumbList\",\"@id\":\"https:\/\/www.slovklima.sk\/en\/product\/kompresory-bitzer\/#breadcrumb\",\"itemListElement\":[{\"@type\":\"ListItem\",\"position\":1,\"name\":\"Domovsk\u00e1 str\u00e1nka\",\"item\":\"https:\/\/www.slovklima.sk\/en\/\"},{\"@type\":\"ListItem\",\"position\":2,\"name\":\"Products\",\"item\":\"https:\/\/www.slovklima.sk\/en\/products\/\"},{\"@type\":\"ListItem\",\"position\":3,\"name\":\"Kompresory Bitzer\"}]},{\"@type\":\"WebSite\",\"@id\":\"https:\/\/www.slovklima.sk\/#website\",\"url\":\"https:\/\/www.slovklima.sk\/\",\"name\":\"SLOVKLIMA DEIMOS group, s.r.o.\",\"description\":\"\",\"publisher\":{\"@id\":\"https:\/\/www.slovklima.sk\/#organization\"},\"alternateName\":\"SLOVKLIMA\",\"potentialAction\":[{\"@type\":\"SearchAction\",\"target\":{\"@type\":\"EntryPoint\",\"urlTemplate\":\"https:\/\/www.slovklima.sk\/?s={search_term_string}\"},\"query-input\":{\"@type\":\"PropertyValueSpecification\",\"valueRequired\":true,\"valueName\":\"search_term_string\"}}],\"inLanguage\":\"en-US\"},{\"@type\":\"Organization\",\"@id\":\"https:\/\/www.slovklima.sk\/#organization\",\"name\":\"SLOVKLIMA DEIMOS group, s.r.o.\",\"alternateName\":\"SLOVKLIMA\",\"url\":\"https:\/\/www.slovklima.sk\/\",\"logo\":{\"@type\":\"ImageObject\",\"inLanguage\":\"en-US\",\"@id\":\"https:\/\/www.slovklima.sk\/#\/schema\/logo\/image\/\",\"url\":\"https:\/\/www.slovklima.sk\/wp-content\/uploads\/2022\/12\/slovklima-logo-black.svg\",\"contentUrl\":\"https:\/\/www.slovklima.sk\/wp-content\/uploads\/2022\/12\/slovklima-logo-black.svg\",\"width\":3218,\"height\":698,\"caption\":\"SLOVKLIMA DEIMOS group, s.r.o.\"},\"image\":{\"@id\":\"https:\/\/www.slovklima.sk\/#\/schema\/logo\/image\/\"}}]}<\/script>\n<!-- \/ Yoast SEO plugin. -->","yoast_head_json":{"title":"Kompresory Bitzer | SLOVKLIMA DEIMOS group, s.r.o.","robots":{"index":"index","follow":"follow","max-snippet":"max-snippet:-1","max-image-preview":"max-image-preview:large","max-video-preview":"max-video-preview:-1"},"canonical":"https:\/\/www.slovklima.sk\/en\/product\/kompresory-bitzer\/","og_locale":"en_US","og_type":"article","og_title":"Kompresory Bitzer | SLOVKLIMA DEIMOS group, s.r.o.","og_description":"Kompresory Bitzer sa pou\u017e\u00edvaj\u00fa v chladiacich a klimatiza\u010dn\u00fdch syst\u00e9moch pre komer\u010dn\u00e9 aj priemyseln\u00e9 \u00fa\u010dely. Piestov\u00e9 modely s\u00fa vhodn\u00e9 pre mraziace boxy, chladiace vitr\u00edny \u010di men\u0161ie klimatiza\u010dn\u00e9 jednotky. Skrutkov\u00e9 kompresory sa vyu\u017e\u00edvaj\u00fa v supermarketoch, logistick\u00fdch centr\u00e1ch a v\u00fdrobn\u00fdch hal\u00e1ch, kde je potrebn\u00fd vysok\u00fd v\u00fdkon a spo\u013eahlivos\u0165. Pre ekologick\u00e9 rie\u0161enia sa pou\u017e\u00edvaj\u00fa CO\u2082 kompresory Bitzer, najm\u00e4 v modern\u00fdch syst\u00e9moch s n\u00edzkym dopadom na \u017eivotn\u00e9 prostredie.  Pou\u017eitie: Mraziarne, chladiace boxy, vitr\u00edny, supermarketov\u00e9 syst\u00e9my, priemyseln\u00e9 chladenie, centr\u00e1lnu klimatiz\u00e1ciu a ekologick\u00e9 CO\u2082 aplik\u00e1cie","og_url":"https:\/\/www.slovklima.sk\/en\/product\/kompresory-bitzer\/","og_site_name":"SLOVKLIMA DEIMOS group, s.r.o.","article_modified_time":"2026-03-25T08:32:23+00:00","og_image":[{"width":800,"height":1000,"url":"https:\/\/www.slovklima.sk\/wp-content\/uploads\/2025\/07\/Kompresor_Bitzer.jpg","type":"image\/jpeg"}],"twitter_card":"summary_large_image","twitter_misc":{"Est. reading time":"1 minute"},"schema":{"@context":"https:\/\/schema.org","@graph":[{"@type":"WebPage","@id":"https:\/\/www.slovklima.sk\/en\/product\/kompresory-bitzer\/","url":"https:\/\/www.slovklima.sk\/en\/product\/kompresory-bitzer\/","name":"Kompresory Bitzer | SLOVKLIMA DEIMOS group, s.r.o.","isPartOf":{"@id":"https:\/\/www.slovklima.sk\/#website"},"primaryImageOfPage":{"@id":"https:\/\/www.slovklima.sk\/en\/product\/kompresory-bitzer\/#primaryimage"},"image":{"@id":"https:\/\/www.slovklima.sk\/en\/product\/kompresory-bitzer\/#primaryimage"},"thumbnailUrl":"https:\/\/www.slovklima.sk\/wp-content\/uploads\/2025\/07\/Kompresor_Bitzer.jpg","datePublished":"2025-07-02T15:34:20+00:00","dateModified":"2026-03-25T08:32:23+00:00","breadcrumb":{"@id":"https:\/\/www.slovklima.sk\/en\/product\/kompresory-bitzer\/#breadcrumb"},"inLanguage":"en-US","potentialAction":[{"@type":"ReadAction","target":["https:\/\/www.slovklima.sk\/en\/product\/kompresory-bitzer\/"]}]},{"@type":"ImageObject","inLanguage":"en-US","@id":"https:\/\/www.slovklima.sk\/en\/product\/kompresory-bitzer\/#primaryimage","url":"https:\/\/www.slovklima.sk\/wp-content\/uploads\/2025\/07\/Kompresor_Bitzer.jpg","contentUrl":"https:\/\/www.slovklima.sk\/wp-content\/uploads\/2025\/07\/Kompresor_Bitzer.jpg","width":800,"height":1000},{"@type":"BreadcrumbList","@id":"https:\/\/www.slovklima.sk\/en\/product\/kompresory-bitzer\/#breadcrumb","itemListElement":[{"@type":"ListItem","position":1,"name":"Domovsk\u00e1 str\u00e1nka","item":"https:\/\/www.slovklima.sk\/en\/"},{"@type":"ListItem","position":2,"name":"Products","item":"https:\/\/www.slovklima.sk\/en\/products\/"},{"@type":"ListItem","position":3,"name":"Kompresory Bitzer"}]},{"@type":"WebSite","@id":"https:\/\/www.slovklima.sk\/#website","url":"https:\/\/www.slovklima.sk\/","name":"SLOVKLIMA DEIMOS group, s.r.o.","description":"","publisher":{"@id":"https:\/\/www.slovklima.sk\/#organization"},"alternateName":"SLOVKLIMA","potentialAction":[{"@type":"SearchAction","target":{"@type":"EntryPoint","urlTemplate":"https:\/\/www.slovklima.sk\/?s={search_term_string}"},"query-input":{"@type":"PropertyValueSpecification","valueRequired":true,"valueName":"search_term_string"}}],"inLanguage":"en-US"},{"@type":"Organization","@id":"https:\/\/www.slovklima.sk\/#organization","name":"SLOVKLIMA DEIMOS group, s.r.o.","alternateName":"SLOVKLIMA","url":"https:\/\/www.slovklima.sk\/","logo":{"@type":"ImageObject","inLanguage":"en-US","@id":"https:\/\/www.slovklima.sk\/#\/schema\/logo\/image\/","url":"https:\/\/www.slovklima.sk\/wp-content\/uploads\/2022\/12\/slovklima-logo-black.svg","contentUrl":"https:\/\/www.slovklima.sk\/wp-content\/uploads\/2022\/12\/slovklima-logo-black.svg","width":3218,"height":698,"caption":"SLOVKLIMA DEIMOS group, s.r.o."},"image":{"@id":"https:\/\/www.slovklima.sk\/#\/schema\/logo\/image\/"}}]}},"_links":{"self":[{"href":"https:\/\/www.slovklima.sk\/en\/wp-json\/wp\/v2\/product\/17182","targetHints":{"allow":["GET"]}}],"collection":[{"href":"https:\/\/www.slovklima.sk\/en\/wp-json\/wp\/v2\/product"}],"about":[{"href":"https:\/\/www.slovklima.sk\/en\/wp-json\/wp\/v2\/types\/product"}],"wp:featuredmedia":[{"embeddable":true,"href":"https:\/\/www.slovklima.sk\/en\/wp-json\/wp\/v2\/media\/17131"}],"wp:attachment":[{"href":"https:\/\/www.slovklima.sk\/en\/wp-json\/wp\/v2\/media?parent=17182"}],"wp:term":[{"taxonomy":"product_brand","embeddable":true,"href":"https:\/\/www.slovklima.sk\/en\/wp-json\/wp\/v2\/product_brand?post=17182"},{"taxonomy":"product_cat","embeddable":true,"href":"https:\/\/www.slovklima.sk\/en\/wp-json\/wp\/v2\/product_cat?post=17182"},{"taxonomy":"product_tag","embeddable":true,"href":"https:\/\/www.slovklima.sk\/en\/wp-json\/wp\/v2\/product_tag?post=17182"}],"curies":[{"name":"wp","href":"https:\/\/api.w.org\/{rel}","templated":true}]}}

<p>Kompresory Bitzer sa používajú v chladiacich a klimatizačných systémoch pre komerčné aj priemyselné účely. Piestové modely sú vhodné pre mraziace boxy, chladiace vitríny či menšie klimatizačné jednotky. Skrutkové kompresory sa využívajú v supermarketoch, logistických centrách a výrobných halách, kde je potrebný vysoký výkon a spoľahlivosť. Pre ekologické riešenia sa používajú CO₂ kompresory Bitzer, najmä v moderných systémoch s nízkym dopadom na životné prostredie.</p>
<p><strong>Použitie:</strong> Mraziarne, chladiace boxy, vitríny, supermarketové systémy, priemyselné chladenie, centrálnu klimatizáciu a ekologické CO₂ aplikácie</p>

<!-- This site is optimized with the Yoast SEO plugin v24.3 - https://yoast.com/wordpress/plugins/seo/ -->
<title>Kompresory Bitzer | SLOVKLIMA DEIMOS group, s.r.o.</title>
<meta name="robots" content="index, follow, max-snippet:-1, max-image-preview:large, max-video-preview:-1" />
<link rel="canonical" href="https://www.slovklima.sk/en/product/kompresory-bitzer/" />
<meta property="og:locale" content="en_US" />
<meta property="og:type" content="article" />
<meta property="og:title" content="Kompresory Bitzer | SLOVKLIMA DEIMOS group, s.r.o." />
<meta property="og:description" content="Kompresory Bitzer sa používajú v chladiacich a klimatizačných systémoch pre komerčné aj priemyselné účely. Piestové modely sú vhodné pre mraziace boxy, chladiace vitríny či menšie klimatizačné jednotky. Skrutkové kompresory sa využívajú v supermarketoch, logistických centrách a výrobných halách, kde je potrebný vysoký výkon a spoľahlivosť. Pre ekologické riešenia sa používajú CO₂ kompresory Bitzer, najmä v moderných systémoch s nízkym dopadom na životné prostredie.  Použitie: Mraziarne, chladiace boxy, vitríny, supermarketové systémy, priemyselné chladenie, centrálnu klimatizáciu a ekologické CO₂ aplikácie" />
<meta property="og:url" content="https://www.slovklima.sk/en/product/kompresory-bitzer/" />
<meta property="og:site_name" content="SLOVKLIMA DEIMOS group, s.r.o." />
<meta property="article:modified_time" content="2026-03-25T08:32:23+00:00" />
<meta property="og:image" content="https://www.slovklima.sk/wp-content/uploads/2025/07/Kompresor_Bitzer.jpg" />
	<meta property="og:image:width" content="800" />
	<meta property="og:image:height" content="1000" />
	<meta property="og:image:type" content="image/jpeg" />
<meta name="twitter:card" content="summary_large_image" />
<meta name="twitter:label1" content="Est. reading time" />
	<meta name="twitter:data1" content="1 minute" />
<script type="application/ld+json" class="yoast-schema-graph">{"@context":"https://schema.org","@graph":[{"@type":"WebPage","@id":"https://www.slovklima.sk/en/product/kompresory-bitzer/","url":"https://www.slovklima.sk/en/product/kompresory-bitzer/","name":"Kompresory Bitzer | SLOVKLIMA DEIMOS group, s.r.o.","isPartOf":{"@id":"https://www.slovklima.sk/#website"},"primaryImageOfPage":{"@id":"https://www.slovklima.sk/en/product/kompresory-bitzer/#primaryimage"},"image":{"@id":"https://www.slovklima.sk/en/product/kompresory-bitzer/#primaryimage"},"thumbnailUrl":"https://www.slovklima.sk/wp-content/uploads/2025/07/Kompresor_Bitzer.jpg","datePublished":"2025-07-02T15:34:20+00:00","dateModified":"2026-03-25T08:32:23+00:00","breadcrumb":{"@id":"https://www.slovklima.sk/en/product/kompresory-bitzer/#breadcrumb"},"inLanguage":"en-US","potentialAction":[{"@type":"ReadAction","target":["https://www.slovklima.sk/en/product/kompresory-bitzer/"]}]},{"@type":"ImageObject","inLanguage":"en-US","@id":"https://www.slovklima.sk/en/product/kompresory-bitzer/#primaryimage","url":"https://www.slovklima.sk/wp-content/uploads/2025/07/Kompresor_Bitzer.jpg","contentUrl":"https://www.slovklima.sk/wp-content/uploads/2025/07/Kompresor_Bitzer.jpg","width":800,"height":1000},{"@type":"BreadcrumbList","@id":"https://www.slovklima.sk/en/product/kompresory-bitzer/#breadcrumb","itemListElement":[{"@type":"ListItem","position":1,"name":"Domovská stránka","item":"https://www.slovklima.sk/en/"},{"@type":"ListItem","position":2,"name":"Products","item":"https://www.slovklima.sk/en/products/"},{"@type":"ListItem","position":3,"name":"Kompresory Bitzer"}]},{"@type":"WebSite","@id":"https://www.slovklima.sk/#website","url":"https://www.slovklima.sk/","name":"SLOVKLIMA DEIMOS group, s.r.o.","description":"","publisher":{"@id":"https://www.slovklima.sk/#organization"},"alternateName":"SLOVKLIMA","potentialAction":[{"@type":"SearchAction","target":{"@type":"EntryPoint","urlTemplate":"https://www.slovklima.sk/?s={search_term_string}"},"query-input":{"@type":"PropertyValueSpecification","valueRequired":true,"valueName":"search_term_string"}}],"inLanguage":"en-US"},{"@type":"Organization","@id":"https://www.slovklima.sk/#organization","name":"SLOVKLIMA DEIMOS group, s.r.o.","alternateName":"SLOVKLIMA","url":"https://www.slovklima.sk/","logo":{"@type":"ImageObject","inLanguage":"en-US","@id":"https://www.slovklima.sk/#/schema/logo/image/","url":"https://www.slovklima.sk/wp-content/uploads/2022/12/slovklima-logo-black.svg","contentUrl":"https://www.slovklima.sk/wp-content/uploads/2022/12/slovklima-logo-black.svg","width":3218,"height":698,"caption":"SLOVKLIMA DEIMOS group, s.r.o."},"image":{"@id":"https://www.slovklima.sk/#/schema/logo/image/"}}]}</script>
<!-- / Yoast SEO plugin. -->

Kompresory Bitzer sa používajú v chladiacich a klimatizačných systémoch pre komerčné aj priemyselné účely. Piestové modely sú vhodné pre mraziace boxy, chladiace vitríny či menšie klimatizačné jednotky. Skrutkové kompresory sa využívajú v supermarketoch, logistických centrách a výrobných halách, kde je potrebný vysoký výkon a spoľahlivosť. Pre ekologické riešenia sa používajú CO₂ kompresory Bitzer, najmä v moderných systémoch s nízkym dopadom na životné prostredie.  Použitie: Mraziarne, chladiace boxy, vitríny, supermarketové systémy, priemyselné chladenie, centrálnu klimatizáciu a ekologické CO₂ aplikácie

Domovská stránka
