{"version":"1.0","provider_name":"SLOVKLIMA DEIMOS group, s.r.o.","provider_url":"https:\/\/www.slovklima.sk\/en\/","title":"Kompresor Embraco | SLOVKLIMA DEIMOS group, s.r.o.","type":"rich","width":600,"height":338,"html":"<blockquote class=\"wp-embedded-content\" data-secret=\"leLVAvAaTz\"><a href=\"https:\/\/www.slovklima.sk\/en\/product\/kompresor-embraco\/\">Kompresor Embraco<\/a><\/blockquote><iframe sandbox=\"allow-scripts\" security=\"restricted\" src=\"https:\/\/www.slovklima.sk\/en\/product\/kompresor-embraco\/embed\/#?secret=leLVAvAaTz\" width=\"600\" height=\"338\" title=\"&#8220;Kompresor Embraco&#8221; &#8212; SLOVKLIMA DEIMOS group, s.r.o.\" data-secret=\"leLVAvAaTz\" frameborder=\"0\" marginwidth=\"0\" marginheight=\"0\" scrolling=\"no\" class=\"wp-embedded-content\"><\/iframe><script type=\"text\/javascript\">\n\/* <![CDATA[ *\/\n\/*! This file is auto-generated *\/\n!function(d,l){\"use strict\";l.querySelector&&d.addEventListener&&\"undefined\"!=typeof URL&&(d.wp=d.wp||{},d.wp.receiveEmbedMessage||(d.wp.receiveEmbedMessage=function(e){var t=e.data;if((t||t.secret||t.message||t.value)&&!\/[^a-zA-Z0-9]\/.test(t.secret)){for(var s,r,n,a=l.querySelectorAll('iframe[data-secret=\"'+t.secret+'\"]'),o=l.querySelectorAll('blockquote[data-secret=\"'+t.secret+'\"]'),c=new RegExp(\"^https?:$\",\"i\"),i=0;i<o.length;i++)o[i].style.display=\"none\";for(i=0;i<a.length;i++)s=a[i],e.source===s.contentWindow&&(s.removeAttribute(\"style\"),\"height\"===t.message?(1e3<(r=parseInt(t.value,10))?r=1e3:~~r<200&&(r=200),s.height=r):\"link\"===t.message&&(r=new URL(s.getAttribute(\"src\")),n=new URL(t.value),c.test(n.protocol))&&n.host===r.host&&l.activeElement===s&&(d.top.location.href=t.value))}},d.addEventListener(\"message\",d.wp.receiveEmbedMessage,!1),l.addEventListener(\"DOMContentLoaded\",function(){for(var e,t,s=l.querySelectorAll(\"iframe.wp-embedded-content\"),r=0;r<s.length;r++)(t=(e=s[r]).getAttribute(\"data-secret\"))||(t=Math.random().toString(36).substring(2,12),e.src+=\"#?secret=\"+t,e.setAttribute(\"data-secret\",t)),e.contentWindow.postMessage({message:\"ready\",secret:t},\"*\")},!1)))}(window,document);\n\/\/# sourceURL=https:\/\/www.slovklima.sk\/wp-includes\/js\/wp-embed.min.js\n\/* ]]> *\/\n<\/script>\n","thumbnail_url":"https:\/\/www.slovklima.sk\/wp-content\/uploads\/2025\/07\/kompresor_Embraco.jpg","thumbnail_width":800,"thumbnail_height":1000,"description":"Embraco kompresory s\u00fa hermetick\u00e9 piestov\u00e9 jednotky ur\u010den\u00e9 pre \u0161irok\u00e9 spektrum chladiacich aplik\u00e1ci\u00ed od dom\u00e1cich spotrebi\u010dov a\u017e po komer\u010dn\u00e9 chladenie. Vyzna\u010duj\u00fa sa kompaktn\u00fdmi rozmermi, n\u00edzkou hlu\u010dnos\u0165ou a spo\u013eahliv\u00fdm v\u00fdkonom, v\u010faka \u010domu s\u00fa ve\u013emi ob\u013e\u00faben\u00e9 v segmentoch, kde je potrebn\u00e1 efektivita a tich\u00fd chod. S\u00fa optimalizovan\u00e9 pre aplik\u00e1cie s n\u00edzkym a\u017e stredn\u00fdm v\u00fdparn\u00fdm tlakom a ich kon\u0161trukcia podporuje jednoduch\u00fa in\u0161tal\u00e1ciu. Embraco m\u00e1 dlhoro\u010dn\u00fa trad\u00edciu v oblasti v\u00fdvoja energeticky \u00fasporn\u00fdch technol\u00f3gi\u00ed, \u010do z t\u00fdchto kompresorov rob\u00ed vo\u013ebu vhodn\u00fa aj pre ekologicky orientovan\u00e9 syst\u00e9my. Vyu\u017e\u00edvaj\u00fa sa v zariadeniach ako vitr\u00edny, chladiace boxy, minibary, v\u00fddajn\u00edky a dom\u00e1ce chladni\u010dky.  Pou\u017eitie: Dom\u00e1ce a komer\u010dn\u00e9 chladenie \u2013 chladni\u010dky, v\u00fd\u010dapn\u00e9 zariadenia, predajn\u00e9 automaty, vitr\u00edny"}

Embraco kompresory sú hermetické piestové jednotky určené pre široké spektrum chladiacich aplikácií od domácich spotrebičov až po komerčné chladenie. Vyznačujú sa kompaktnými rozmermi, nízkou hlučnosťou a spoľahlivým výkonom, vďaka čomu sú veľmi obľúbené v segmentoch, kde je potrebná efektivita a tichý chod. Sú optimalizované pre aplikácie s nízkym až stredným výparným tlakom a ich konštrukcia podporuje jednoduchú inštaláciu. Embraco má dlhoročnú tradíciu v oblasti vývoja energeticky úsporných technológií, čo z týchto kompresorov robí voľbu vhodnú aj pre ekologicky orientované systémy. Využívajú sa v zariadeniach ako vitríny, chladiace boxy, minibary, výdajníky a domáce chladničky.  Použitie: Domáce a komerčné chladenie – chladničky, výčapné zariadenia, predajné automaty, vitríny
